{"id":3666,"date":"2021-11-17T11:35:13","date_gmt":"2021-11-17T09:35:13","guid":{"rendered":"https:\/\/staging.connect2us.eu\/vorurteile-diskriminierung-rassismus\/"},"modified":"2024-10-01T16:07:21","modified_gmt":"2024-10-01T14:07:21","slug":"vorurteile-diskriminierung-rassismus","status":"publish","type":"page","link":"https:\/\/connect2us.eu\/de\/vorurteile-diskriminierung-rassismus\/","title":{"rendered":"Vorurteile, Diskriminierung, Rassismus"},"content":{"rendered":"\n<p>Connect2Us macht Vorurteile verhandelbar.\nWenn es um Begegnungen zwischen Menschen mit unterschiedlichem kulturellem Hintergrund geht, ist es in vielen F\u00e4llen entscheidend, den Einfluss des institutionellen Rassismus zu ber\u00fccksichtigen.\nDieses System f\u00fchrt dazu, dass wei\u00dfe Menschen, ob sie nun bewusst und explizit rassistisch sind oder nicht, alle m\u00f6glichen Vorurteile gegen\u00fcber farbigen Menschen von klein auf verinnerlichen.\nEs ist die Pflicht der Wei\u00dfen, ihr ganzes Leben lang hart daran zu arbeiten, diese Vorurteile abzubauen. Nur so k\u00f6nnen wir letztendlich sicherstellen, dass Farbige nicht l\u00e4nger systematisch unterdr\u00fcckt werden, weder auf dem Arbeitsmarkt, noch in der Schule, noch in den Medien, noch in den Gesch\u00e4ften, noch auf der Stra\u00dfe.\nEin wichtiger Schritt auf diesem Weg ist die Erkenntnis, dass wir alle in der niederl\u00e4ndischen Gesellschaft bestimmte rassistische Denkweisen angenommen haben.\nDas bedeutet nicht, dass wir alle gemeine Rassisten sind, sondern einfach, dass wir in einer rassistischen Gesellschaft aufgewachsen sind.     <\/p>\n\n<p>Bei einer Begegnung zwischen einer Frau, die gerade aus Surinam ausgewandert ist, und einem wei\u00dfen Mann, der in den Niederlanden geboren und aufgewachsen ist, kommen also nicht nur die unterschiedlichen Dimensionen der niederl\u00e4ndischen und surinamischen Kultur ins Spiel.\nAuch die jahrhundertelange Geschichte des antischwarzen Rassismus wirkt sich unweigerlich auf ihre Interaktion aus.\nWenn der wei\u00dfe Mann die surinamische Frau zum Beispiel als laut und aufdringlich bezeichnet, sagt er damit nicht nur etwas \u00fcber die wahrgenommene Natur der Surinamer, sondern erinnert auch an ein gef\u00e4hrliches Stereotyp \u00fcber schwarze Frauen, das seit Jahrhunderten reproduziert wird und schwarze Frauen entmenschlicht.  <\/p>\n\n<p>Hier geht es nicht um Vorurteile im Allgemeinen.\nSie k\u00f6nnen den verinnerlichten Rassismus nicht einfach mit den Vorurteilen vergleichen, die beispielsweise die Interaktion zwischen einem wei\u00dfen polnischen Mann und einer wei\u00dfen deutschen Frau beeinflussen.\nNicht einmal, wenn die wei\u00dfe deutsche Frau sagt: &#8222;Alle Polen sind faul und deshalb bekommen Sie diesen Job nicht. Um zu verstehen, warum Interaktionen zwischen Wei\u00dfen und Farbigen in diesem Sinne nicht mit Interaktionen zwischen ausschlie\u00dflich Wei\u00dfen vergleichbar sind, ist es sinnvoll, sich den Unterschied zwischen Vorurteilen, Diskriminierung und Rassismus anzusehen.  <\/p>\n\n<p>Ein Vorurteil ist ein Urteil, das wir \u00fcber jemanden auf der Grundlage der sozialen Gruppe f\u00e4llen, der diese Person angeh\u00f6rt.\nEin Vorurteil kann aus Gef\u00fchlen, Gedanken, dem Zitieren von Stereotypen und Verallgemeinerungen bestehen.\nJeder Mensch hat Vorurteile.\nDiskriminierung ist eine Handlung, die auf diesen Vorurteilen beruht.\nDenken Sie daran, jemanden zu ignorieren, auszuschlie\u00dfen, zu bedrohen, l\u00e4cherlich zu machen oder ihm Gewalt anzutun.\nWenn wir aufgrund eines Vorurteils Hass empfinden, k\u00f6nnen wir ihn durch diskriminierendes Verhalten zum Ausdruck bringen.\nDiskriminierung kann sehr offensichtlich oder subtil sein.\nWir alle diskriminieren manchmal bewusst oder unbewusst aufgrund der (bewussten und unbewussten) Vorurteile, die wir \u00fcber andere Menschen haben.\nWenn die Vorurteile einer Gruppe durch rechtliche Autorit\u00e4t und institutionelle Kontrolle gest\u00fctzt werden, wird daraus Rassismus: ein System, das unabh\u00e4ngig von den Absichten des Einzelnen funktioniert und sich automatisch aufrechterh\u00e4lt.\nRassismus zeigt eine Struktur, nicht ein einzelnes Ereignis.\nDeshalb gibt es auch keinen &#8222;umgekehrten Rassismus&#8220;, d.h. Rassismus von Farbigen gegen\u00fcber Wei\u00dfen.\nEinzelne Momente der Diskriminierung von Wei\u00dfen k\u00f6nnen sicherlich vorkommen, aber diese Diskriminierung ist nicht Teil eines gr\u00f6\u00dferen Systems, das Wei\u00dfe unterdr\u00fcckt und dazu f\u00fchrt, dass sie zum Beispiel weniger Chancen auf einen Arbeitsplatz haben und in der Schule st\u00e4ndig unterbewertet werden.\nDie Auswirkungen der Diskriminierung von Wei\u00dfen sind vor\u00fcbergehend und kontextabh\u00e4ngig und nicht mit der sozialen und institutionellen Macht verbunden.            <\/p>\n\n<p><\/p>\n","protected":false},"excerpt":{"rendered":"<p>Connect2Us macht Vorurteile verhandelbar. Wenn es um Begegnungen zwischen Menschen mit unterschiedlichem kulturellem Hintergrund geht, ist es in vielen F\u00e4llen entscheidend, den Einfluss des institutionellen Rassismus zu ber\u00fccksichtigen. Dieses System f\u00fchrt dazu, dass wei\u00dfe Menschen, ob sie nun bewusst und explizit rassistisch sind oder nicht, alle m\u00f6glichen Vorurteile gegen\u00fcber farbigen Menschen von klein auf verinnerlichen. [&hellip;]<\/p>\n","protected":false},"author":3,"featured_media":0,"parent":0,"menu_order":0,"comment_status":"closed","ping_status":"closed","template":"","meta":{"_vp_format_video_url":"","_vp_image_focal_point":[],"footnotes":""},"class_list":["post-3666","page","type-page","status-publish","hentry"],"blocksy_meta":[],"_links":{"self":[{"href":"https:\/\/connect2us.eu\/de\/wp-json\/wp\/v2\/pages\/3666","targetHints":{"allow":["GET"]}}],"collection":[{"href":"https:\/\/connect2us.eu\/de\/wp-json\/wp\/v2\/pages"}],"about":[{"href":"https:\/\/connect2us.eu\/de\/wp-json\/wp\/v2\/types\/page"}],"author":[{"embeddable":true,"href":"https:\/\/connect2us.eu\/de\/wp-json\/wp\/v2\/users\/3"}],"replies":[{"embeddable":true,"href":"https:\/\/connect2us.eu\/de\/wp-json\/wp\/v2\/comments?post=3666"}],"version-history":[{"count":2,"href":"https:\/\/connect2us.eu\/de\/wp-json\/wp\/v2\/pages\/3666\/revisions"}],"predecessor-version":[{"id":3672,"href":"https:\/\/connect2us.eu\/de\/wp-json\/wp\/v2\/pages\/3666\/revisions\/3672"}],"wp:attachment":[{"href":"https:\/\/connect2us.eu\/de\/wp-json\/wp\/v2\/media?parent=3666"}],"curies":[{"name":"wp","href":"https:\/\/api.w.org\/{rel}","templated":true}]}}

<p>Connect2Us macht Vorurteile verhandelbar.
Wenn es um Begegnungen zwischen Menschen mit unterschiedlichem kulturellem Hintergrund geht, ist es in vielen Fällen entscheidend, den Einfluss des institutionellen Rassismus zu berücksichtigen.
Dieses System führt dazu, dass weiße Menschen, ob sie nun bewusst und explizit rassistisch sind oder nicht, alle möglichen Vorurteile gegenüber farbigen Menschen von klein auf verinnerlichen.
Es ist die Pflicht der Weißen, ihr ganzes Leben lang hart daran zu arbeiten, diese Vorurteile abzubauen. Nur so können wir letztendlich sicherstellen, dass Farbige nicht länger systematisch unterdrückt werden, weder auf dem Arbeitsmarkt, noch in der Schule, noch in den Medien, noch in den Geschäften, noch auf der Straße.
Ein wichtiger Schritt auf diesem Weg ist die Erkenntnis, dass wir alle in der niederländischen Gesellschaft bestimmte rassistische Denkweisen angenommen haben.
Das bedeutet nicht, dass wir alle gemeine Rassisten sind, sondern einfach, dass wir in einer rassistischen Gesellschaft aufgewachsen sind.     </p>

<p>Bei einer Begegnung zwischen einer Frau, die gerade aus Surinam ausgewandert ist, und einem weißen Mann, der in den Niederlanden geboren und aufgewachsen ist, kommen also nicht nur die unterschiedlichen Dimensionen der niederländischen und surinamischen Kultur ins Spiel.
Auch die jahrhundertelange Geschichte des antischwarzen Rassismus wirkt sich unweigerlich auf ihre Interaktion aus.
Wenn der weiße Mann die surinamische Frau zum Beispiel als laut und aufdringlich bezeichnet, sagt er damit nicht nur etwas über die wahrgenommene Natur der Surinamer, sondern erinnert auch an ein gefährliches Stereotyp über schwarze Frauen, das seit Jahrhunderten reproduziert wird und schwarze Frauen entmenschlicht.  </p>

<p>Hier geht es nicht um Vorurteile im Allgemeinen.
Sie können den verinnerlichten Rassismus nicht einfach mit den Vorurteilen vergleichen, die beispielsweise die Interaktion zwischen einem weißen polnischen Mann und einer weißen deutschen Frau beeinflussen.
Nicht einmal, wenn die weiße deutsche Frau sagt: &#8222;Alle Polen sind faul und deshalb bekommen Sie diesen Job nicht. Um zu verstehen, warum Interaktionen zwischen Weißen und Farbigen in diesem Sinne nicht mit Interaktionen zwischen ausschließlich Weißen vergleichbar sind, ist es sinnvoll, sich den Unterschied zwischen Vorurteilen, Diskriminierung und Rassismus anzusehen.  </p>

<p>Ein Vorurteil ist ein Urteil, das wir über jemanden auf der Grundlage der sozialen Gruppe fällen, der diese Person angehört.
Ein Vorurteil kann aus Gefühlen, Gedanken, dem Zitieren von Stereotypen und Verallgemeinerungen bestehen.
Jeder Mensch hat Vorurteile.
Diskriminierung ist eine Handlung, die auf diesen Vorurteilen beruht.
Denken Sie daran, jemanden zu ignorieren, auszuschließen, zu bedrohen, lächerlich zu machen oder ihm Gewalt anzutun.
Wenn wir aufgrund eines Vorurteils Hass empfinden, können wir ihn durch diskriminierendes Verhalten zum Ausdruck bringen.
Diskriminierung kann sehr offensichtlich oder subtil sein.
Wir alle diskriminieren manchmal bewusst oder unbewusst aufgrund der (bewussten und unbewussten) Vorurteile, die wir über andere Menschen haben.
Wenn die Vorurteile einer Gruppe durch rechtliche Autorität und institutionelle Kontrolle gestützt werden, wird daraus Rassismus: ein System, das unabhängig von den Absichten des Einzelnen funktioniert und sich automatisch aufrechterhält.
Rassismus zeigt eine Struktur, nicht ein einzelnes Ereignis.
Deshalb gibt es auch keinen &#8222;umgekehrten Rassismus&#8220;, d.h. Rassismus von Farbigen gegenüber Weißen.
Einzelne Momente der Diskriminierung von Weißen können sicherlich vorkommen, aber diese Diskriminierung ist nicht Teil eines größeren Systems, das Weiße unterdrückt und dazu führt, dass sie zum Beispiel weniger Chancen auf einen Arbeitsplatz haben und in der Schule ständig unterbewertet werden.
Die Auswirkungen der Diskriminierung von Weißen sind vorübergehend und kontextabhängig und nicht mit der sozialen und institutionellen Macht verbunden.            </p>

<p></p>

<p>Connect2Us macht Vorurteile verhandelbar. Wenn es um Begegnungen zwischen Menschen mit unterschiedlichem kulturellem Hintergrund geht, ist es in vielen Fällen entscheidend, den Einfluss des institutionellen Rassismus zu berücksichtigen. Dieses System führt dazu, dass weiße Menschen, ob sie nun bewusst und explizit rassistisch sind oder nicht, alle möglichen Vorurteile gegenüber farbigen Menschen von klein auf verinnerlichen. [&hellip;]</p>
