{"id":3815,"date":"2018-01-24T14:08:13","date_gmt":"2018-01-24T12:08:13","guid":{"rendered":"https:\/\/staging.connect2us.eu\/verhalen\/juan-carlos-klingelt-zur-abendessenszeit-an-der-tuer\/"},"modified":"2024-10-01T16:25:55","modified_gmt":"2024-10-01T14:25:55","slug":"juan-carlos-klingelt-zur-abendessenszeit-an-der-tuer","status":"publish","type":"portfolio","link":"https:\/\/connect2us.eu\/de\/geschichten\/juan-carlos-klingelt-zur-abendessenszeit-an-der-tuer\/","title":{"rendered":"Juan Carlos klingelt zur Abendessenszeit an der T\u00fcr"},"content":{"rendered":"\n<figure class=\"wp-block-image size-full\"><img loading=\"lazy\" decoding=\"async\" width=\"800\" height=\"533\" src=\"https:\/\/connect2us.eu\/wp-content\/uploads\/2020\/06\/01_juan_carlos_at_the_door_around_dinnertime_800px.jpg\" alt=\"\" class=\"wp-image-835\" srcset=\"https:\/\/connect2us.eu\/wp-content\/uploads\/2020\/06\/01_juan_carlos_at_the_door_around_dinnertime_800px.jpg 800w, https:\/\/connect2us.eu\/wp-content\/uploads\/2020\/06\/01_juan_carlos_at_the_door_around_dinnertime_800px-300x200.jpg 300w, https:\/\/connect2us.eu\/wp-content\/uploads\/2020\/06\/01_juan_carlos_at_the_door_around_dinnertime_800px-768x512.jpg 768w\" sizes=\"auto, (max-width: 800px) 100vw, 800px\" \/><\/figure>\n\n<p>Juan Carlos kommt aus Guatemala, ist 14 Jahre alt und spielt gerne Fu\u00dfball.\nEr spielt oft: im Fu\u00dfballverein, aber auch auf der Stra\u00dfe.\nJetzt wohnt er seit ein paar Monaten in den Niederlanden und hat schon ein paar Jungen aus der Nachbarschaft kennen gelernt, die regelm\u00e4\u00dfig auf dem Platz Fu\u00dfball spielen.\nEr ist ein unternehmungslustiger Junge und geht mit dem Ball unter dem Arm zum Haus seines neuen Fu\u00dfballkumpels Stefan.\nJuan Carlos l\u00e4utet zur Essenszeit. Es ist sechs Uhr und damit Essenszeit, aber das wei\u00df Juan Carlos noch nicht.    <\/p>\n\n<p>Der Vater von Bas \u00f6ffnet die T\u00fcr.\n&#8218;Wie sch\u00f6n, dass der Junge Stefan abholen kommt, aber wir sind gerade beim Abendessen.\nSeltsam, dass der Junge ausgerechnet jetzt an der T\u00fcr klingelt.\nIn den Niederlanden isst doch jeder um sechs zu Abend, oder?\n&#8222;Dann sitzt die ganze Familie um den Tisch und du willst nicht gest\u00f6rt werden&#8220;, denkt Stefans Vater.\n&#8222;Wei\u00dft du denn nicht, wie sp\u00e4t es ist? Bas kann jetzt nicht kommen&#8220;, sagt er dem Jungen.\nFreundlich, aber deutlich.\nUnd macht die T\u00fcr zu.       <\/p>\n\n<p>Juan Carlos ist sich nicht sicher, was er tun soll.\nWas ist passiert?\nHat er vielleicht etwas Falsches gesagt?\n&#8222;Der Vater sah w\u00fctend aus und fragte, ob ich nicht w\u00fcsste, wie sp\u00e4t es sei. Ich wusste es, es war 6 Uhr. Dumme Frage. Vielleicht hat Stefan eine Bestrafung. Es roch wirklich gut! Vielleicht wollten sie essen. Dann h\u00e4tte ich doch sicher am Tisch warten k\u00f6nnen? Mama liebt es, wenn die Leute Schlange stehen.&#8220;\nJuan Carlos prellt den Ball ein wenig und l\u00e4sst sich wieder fallen.    <\/p>\n\n<h3 class=\"wp-block-heading\" id=\"h-wat-is-er-gebeurd\">Was ist passiert?<\/h3>\n\n<p>Der Tagesablauf in den Niederlanden hat oft strenge Zeiten: Mittagessen um halb zwei, Abendessen um sechs und ab zehn Uhr wird erwartet, dass Sie keinen L\u00e4rm mehr machen.\nOft wird erwartet, dass diese Zeiten respektiert werden.\nDas bedeutet auch, dass Sie, wenn Sie irgendwo zwischen 12:00 und 18:00 Uhr eingeladen sind, mit Kaffee und Keksen rechnen k\u00f6nnen, aber nicht mit einer Mahlzeit&#8230;&#8220;    <\/p>\n\n<p>In so vielen anderen Kulturen sind diese und fast alle Zeiten weniger streng.\nAuch beim Essen.\nAuch in Guatemala.\nEs gibt immer etwas zu essen, auch f\u00fcr den unerwarteten Gast.\nWir kochen ma\u00dfvolle Mahlzeiten, gerade genug f\u00fcr die Familie.\nDie Teller sind leer.\nUnd wenn es Reste gibt, gibt es den Reste-Tag.      <\/p>\n\n<p>Hier k\u00f6nnen Sie die Ich-Kultur deutlich erkennen.\nDas Abendessen dauert auch nicht so lange, und gleich danach machen wir schnell weiter mit unseren Pl\u00e4nen f\u00fcr den Abend.\nIch war erstaunt dar\u00fcber, was die Niederl\u00e4nder abends nach dem Essen tun!\nKein Wunder, dass die meisten gerne um f\u00fcnf Uhr Feierabend machen.     <\/p>\n\n<p>Juan Carlos wird sich an diese Zeiten gew\u00f6hnen m\u00fcssen.\nUnd um sechs Uhr zu klingeln wird in einer Entt\u00e4uschung enden.\nEr sollte lieber sp\u00e4ter klingeln, oder Stefan bitten, ihn abzuholen.\nVielleicht kann seine Mutter auch etwas fr\u00fcher kochen, damit er p\u00fcnktlich zum Spielen rausgehen kann.     <\/p>\n\n<p>Andererseits: Stefans Vater k\u00f6nnte sich auch einmal Juan Carlos&#8216; Enthusiasmus anschlie\u00dfen und ihn drinnen bitten, vielleicht einen zus\u00e4tzlichen Teller zu stellen.\nJeder eine Kartoffel weniger.\nEine gute Gelegenheit, sich besser kennen zu lernen und \u00fcber die Gewohnheiten des anderen zu sprechen!  <\/p>\n\n<p>Ich-Kulturen wie die Niederl\u00e4nder haben eine aufgabenorientierte Kommunikation und ein Zeitbewusstsein.\nDas bedeutet, dass der Tag in Aufgaben unterteilt ist und f\u00fcr diese bestimmte Zeiten gelten.\nDas gilt f\u00fcr Verabredungen unter Freunden, f\u00fcr die Arbeit, f\u00fcr Freizeitaktivit\u00e4ten und f\u00fcr das Abendessen.  <\/p>\n\n<p>Wir-Kulturen haben keinen so engen Zeitplan. Beim Essen geht es um Zusammengeh\u00f6rigkeit, Teilen und somit um Beziehung.\nDas braucht Zeit und deshalb knausern wir nicht damit.\nDer Tagesplan ist also weniger streng und je nach den Umst\u00e4nden flexibel.  <\/p>\n\n<h3 class=\"wp-block-heading\" id=\"h-kortom\"><strong>Kurz gesagt<\/strong><\/h3>\n\n<p>F\u00fcr Stefans Vater:  <\/p>\n\n<ul class=\"wp-block-list\">\n<li>Akzeptieren Sie, dass Juan Carlos aus einer &#8222;Wir&#8220;-Gesellschaft stammt.  <\/li>\n\n\n\n<li>Sie sind immer willkommen, auch wenn es nicht ganz bequem ist.  <\/li>\n\n\n\n<li>Schaffen Sie die Gelegenheit, \u00fcber Gastfreundschaft zu sprechen.  <\/li>\n\n\n\n<li>Achten Sie besonders auf die K\u00f6rpersprache des Gastes, der vielleicht traurig ist, es aber nicht &#8218;wirklich&#8216; zeigt.  <\/li>\n\n\n\n<li>Genie\u00dfen Sie die Anwesenheit von Menschen aus einer anderen Kultur.  <\/li>\n<\/ul>\n\n<p>F\u00fcr Juan Carlos:<\/p>\n\n<ul class=\"wp-block-list\">\n<li>Akzeptieren Sie, dass Stefan aus einer Ich-Gesellschaft kommt und die Familie oft unter sich bleibt.<\/li>\n\n\n\n<li>Die Portionen der zubereiteten Speisen sind in der Regel genau abgemessen.<\/li>\n\n\n\n<li>In den Niederlanden isst man zwischen halb sieben und sieben.\nRufen Sie lieber an oder warten Sie ab. <\/li>\n\n\n\n<li>Stellen Sie vor allem Ihre Fragen. Die Niederl\u00e4nder sind es gewohnt, direkt angesprochen zu werden.<\/li>\n<\/ul>\n\n<p><a href=\"https:\/\/connect2us.eu\/de\/die-sozialen-dilemmas-in-unserer-gesellschaft\/\" target=\"_blank\" rel=\"noreferrer noopener\">Lesen Sie mehr \u00fcber Kulturdimensionen?<\/a><\/p>\n\n<p><strong>Wichtig zu wissen:<\/strong><\/p>\n\n<p>Diese Anekdote basiert auf Geschichten, die uns mitgeteilt wurden.\nConnect2Us ist bestrebt, das Dilemma von beiden Seiten zu beleuchten und die Menschen nicht zu etikettieren oder vorzuschlagen, dass sich der eine oder der andere anders verhalten sollte.\nIn unserer t\u00e4glichen kultur\u00fcbergreifenden Arbeit sehen wir, dass das Bewusstsein der Beteiligten ausreicht, um sich aufeinander zuzubewegen, ohne so zu tun, als w\u00e4ren sie sehr unterschiedlich.\nConnect2Us m\u00f6chte den Lesern helfen, Vorurteile zu erkennen und zu vermeiden.     <a href=\"https:\/\/www.connect2us.eu\/?page_id=1572&amp;preview=true\">Lesen Sie hier \u00fcber Vorurteile, Diskriminierung und Rassismus.<\/a><\/p>\n","protected":false},"excerpt":{"rendered":"<p>Juan Carlos kommt aus Guatemala, ist 14 Jahre alt und spielt gerne Fu\u00dfball. Er spielt oft: im Fu\u00dfballverein, aber auch auf der Stra\u00dfe. Jetzt wohnt er seit ein paar Monaten in den Niederlanden und hat schon ein paar Jungen aus der Nachbarschaft kennen gelernt, die regelm\u00e4\u00dfig auf dem Platz Fu\u00dfball spielen. Er ist ein unternehmungslustiger [&hellip;]<\/p>\n","protected":false},"author":3,"featured_media":3816,"menu_order":0,"comment_status":"closed","ping_status":"closed","template":"","format":"standard","meta":{"_vp_format_video_url":"","_vp_image_focal_point":[],"footnotes":""},"portfolio_category":[],"portfolio_tag":[],"class_list":["post-3815","portfolio","type-portfolio","status-publish","format-standard","has-post-thumbnail","hentry"],"blocksy_meta":[],"_links":{"self":[{"href":"https:\/\/connect2us.eu\/de\/wp-json\/wp\/v2\/portfolio\/3815","targetHints":{"allow":["GET"]}}],"collection":[{"href":"https:\/\/connect2us.eu\/de\/wp-json\/wp\/v2\/portfolio"}],"about":[{"href":"https:\/\/connect2us.eu\/de\/wp-json\/wp\/v2\/types\/portfolio"}],"author":[{"embeddable":true,"href":"https:\/\/connect2us.eu\/de\/wp-json\/wp\/v2\/users\/3"}],"replies":[{"embeddable":true,"href":"https:\/\/connect2us.eu\/de\/wp-json\/wp\/v2\/comments?post=3815"}],"version-history":[{"count":1,"href":"https:\/\/connect2us.eu\/de\/wp-json\/wp\/v2\/portfolio\/3815\/revisions"}],"predecessor-version":[{"id":3817,"href":"https:\/\/connect2us.eu\/de\/wp-json\/wp\/v2\/portfolio\/3815\/revisions\/3817"}],"wp:featuredmedia":[{"embeddable":true,"href":"https:\/\/connect2us.eu\/de\/wp-json\/wp\/v2\/media\/3816"}],"wp:attachment":[{"href":"https:\/\/connect2us.eu\/de\/wp-json\/wp\/v2\/media?parent=3815"}],"wp:term":[{"taxonomy":"portfolio_category","embeddable":true,"href":"https:\/\/connect2us.eu\/de\/wp-json\/wp\/v2\/portfolio_category?post=3815"},{"taxonomy":"portfolio_tag","embeddable":true,"href":"https:\/\/connect2us.eu\/de\/wp-json\/wp\/v2\/portfolio_tag?post=3815"}],"curies":[{"name":"wp","href":"https:\/\/api.w.org\/{rel}","templated":true}]}}

Juan Carlos klingelt zur Abendessenszeit an der Tür

<figure class="wp-block-image size-full"><img loading="lazy" decoding="async" width="800" height="533" src="https://connect2us.eu/wp-content/uploads/2020/06/01_juan_carlos_at_the_door_around_dinnertime_800px.jpg" alt="" class="wp-image-835" srcset="https://connect2us.eu/wp-content/uploads/2020/06/01_juan_carlos_at_the_door_around_dinnertime_800px.jpg 800w, https://connect2us.eu/wp-content/uploads/2020/06/01_juan_carlos_at_the_door_around_dinnertime_800px-300x200.jpg 300w, https://connect2us.eu/wp-content/uploads/2020/06/01_juan_carlos_at_the_door_around_dinnertime_800px-768x512.jpg 768w" sizes="auto, (max-width: 800px) 100vw, 800px" /></figure>

<p>Juan Carlos kommt aus Guatemala, ist 14 Jahre alt und spielt gerne Fußball.
Er spielt oft: im Fußballverein, aber auch auf der Straße.
Jetzt wohnt er seit ein paar Monaten in den Niederlanden und hat schon ein paar Jungen aus der Nachbarschaft kennen gelernt, die regelmäßig auf dem Platz Fußball spielen.
Er ist ein unternehmungslustiger Junge und geht mit dem Ball unter dem Arm zum Haus seines neuen Fußballkumpels Stefan.
Juan Carlos läutet zur Essenszeit. Es ist sechs Uhr und damit Essenszeit, aber das weiß Juan Carlos noch nicht.    </p>

<p>Der Vater von Bas öffnet die Tür.
&#8218;Wie schön, dass der Junge Stefan abholen kommt, aber wir sind gerade beim Abendessen.
Seltsam, dass der Junge ausgerechnet jetzt an der Tür klingelt.
In den Niederlanden isst doch jeder um sechs zu Abend, oder?
&#8222;Dann sitzt die ganze Familie um den Tisch und du willst nicht gestört werden&#8220;, denkt Stefans Vater.
&#8222;Weißt du denn nicht, wie spät es ist? Bas kann jetzt nicht kommen&#8220;, sagt er dem Jungen.
Freundlich, aber deutlich.
Und macht die Tür zu.       </p>

<p>Juan Carlos ist sich nicht sicher, was er tun soll.
Was ist passiert?
Hat er vielleicht etwas Falsches gesagt?
&#8222;Der Vater sah wütend aus und fragte, ob ich nicht wüsste, wie spät es sei. Ich wusste es, es war 6 Uhr. Dumme Frage. Vielleicht hat Stefan eine Bestrafung. Es roch wirklich gut! Vielleicht wollten sie essen. Dann hätte ich doch sicher am Tisch warten können? Mama liebt es, wenn die Leute Schlange stehen.&#8220;
Juan Carlos prellt den Ball ein wenig und lässt sich wieder fallen.    </p>

<h3 class="wp-block-heading" id="h-wat-is-er-gebeurd">Was ist passiert?</h3>

<p>Der Tagesablauf in den Niederlanden hat oft strenge Zeiten: Mittagessen um halb zwei, Abendessen um sechs und ab zehn Uhr wird erwartet, dass Sie keinen Lärm mehr machen.
Oft wird erwartet, dass diese Zeiten respektiert werden.
Das bedeutet auch, dass Sie, wenn Sie irgendwo zwischen 12:00 und 18:00 Uhr eingeladen sind, mit Kaffee und Keksen rechnen können, aber nicht mit einer Mahlzeit&#8230;&#8220;    </p>

<p>In so vielen anderen Kulturen sind diese und fast alle Zeiten weniger streng.
Auch beim Essen.
Auch in Guatemala.
Es gibt immer etwas zu essen, auch für den unerwarteten Gast.
Wir kochen maßvolle Mahlzeiten, gerade genug für die Familie.
Die Teller sind leer.
Und wenn es Reste gibt, gibt es den Reste-Tag.      </p>

<p>Hier können Sie die Ich-Kultur deutlich erkennen.
Das Abendessen dauert auch nicht so lange, und gleich danach machen wir schnell weiter mit unseren Plänen für den Abend.
Ich war erstaunt darüber, was die Niederländer abends nach dem Essen tun!
Kein Wunder, dass die meisten gerne um fünf Uhr Feierabend machen.     </p>

<p>Juan Carlos wird sich an diese Zeiten gewöhnen müssen.
Und um sechs Uhr zu klingeln wird in einer Enttäuschung enden.
Er sollte lieber später klingeln, oder Stefan bitten, ihn abzuholen.
Vielleicht kann seine Mutter auch etwas früher kochen, damit er pünktlich zum Spielen rausgehen kann.     </p>

<p>Andererseits: Stefans Vater könnte sich auch einmal Juan Carlos&#8216; Enthusiasmus anschließen und ihn drinnen bitten, vielleicht einen zusätzlichen Teller zu stellen.
Jeder eine Kartoffel weniger.
Eine gute Gelegenheit, sich besser kennen zu lernen und über die Gewohnheiten des anderen zu sprechen!  </p>

<p>Ich-Kulturen wie die Niederländer haben eine aufgabenorientierte Kommunikation und ein Zeitbewusstsein.
Das bedeutet, dass der Tag in Aufgaben unterteilt ist und für diese bestimmte Zeiten gelten.
Das gilt für Verabredungen unter Freunden, für die Arbeit, für Freizeitaktivitäten und für das Abendessen.  </p>

<p>Wir-Kulturen haben keinen so engen Zeitplan. Beim Essen geht es um Zusammengehörigkeit, Teilen und somit um Beziehung.
Das braucht Zeit und deshalb knausern wir nicht damit.
Der Tagesplan ist also weniger streng und je nach den Umständen flexibel.  </p>

<h3 class="wp-block-heading" id="h-kortom"><strong>Kurz gesagt</strong></h3>

<p>Für Stefans Vater:  </p>

<ul class="wp-block-list">
<li>Akzeptieren Sie, dass Juan Carlos aus einer &#8222;Wir&#8220;-Gesellschaft stammt.  </li>



<li>Sie sind immer willkommen, auch wenn es nicht ganz bequem ist.  </li>



<li>Schaffen Sie die Gelegenheit, über Gastfreundschaft zu sprechen.  </li>



<li>Achten Sie besonders auf die Körpersprache des Gastes, der vielleicht traurig ist, es aber nicht &#8218;wirklich&#8216; zeigt.  </li>



<li>Genießen Sie die Anwesenheit von Menschen aus einer anderen Kultur.  </li>
</ul>

<p>Für Juan Carlos:</p>

<ul class="wp-block-list">
<li>Akzeptieren Sie, dass Stefan aus einer Ich-Gesellschaft kommt und die Familie oft unter sich bleibt.</li>



<li>Die Portionen der zubereiteten Speisen sind in der Regel genau abgemessen.</li>



<li>In den Niederlanden isst man zwischen halb sieben und sieben.
Rufen Sie lieber an oder warten Sie ab. </li>



<li>Stellen Sie vor allem Ihre Fragen. Die Niederländer sind es gewohnt, direkt angesprochen zu werden.</li>
</ul>

<p><a href="https://connect2us.eu/de/die-sozialen-dilemmas-in-unserer-gesellschaft/" target="_blank" rel="noreferrer noopener">Lesen Sie mehr über Kulturdimensionen?</a></p>

<p><strong>Wichtig zu wissen:</strong></p>

<p>Diese Anekdote basiert auf Geschichten, die uns mitgeteilt wurden.
Connect2Us ist bestrebt, das Dilemma von beiden Seiten zu beleuchten und die Menschen nicht zu etikettieren oder vorzuschlagen, dass sich der eine oder der andere anders verhalten sollte.
In unserer täglichen kulturübergreifenden Arbeit sehen wir, dass das Bewusstsein der Beteiligten ausreicht, um sich aufeinander zuzubewegen, ohne so zu tun, als wären sie sehr unterschiedlich.
Connect2Us möchte den Lesern helfen, Vorurteile zu erkennen und zu vermeiden.     <a href="https://www.connect2us.eu/?page_id=1572&amp;preview=true">Lesen Sie hier über Vorurteile, Diskriminierung und Rassismus.</a></p>

<p>Juan Carlos kommt aus Guatemala, ist 14 Jahre alt und spielt gerne Fußball. Er spielt oft: im Fußballverein, aber auch auf der Straße. Jetzt wohnt er seit ein paar Monaten in den Niederlanden und hat schon ein paar Jungen aus der Nachbarschaft kennen gelernt, die regelmäßig auf dem Platz Fußball spielen. Er ist ein unternehmungslustiger [&hellip;]</p>
