{"id":3873,"date":"2017-06-14T04:48:12","date_gmt":"2017-06-14T02:48:12","guid":{"rendered":"https:\/\/staging.connect2us.eu\/verhalen\/ein-freundliches-laecheln\/"},"modified":"2024-10-01T16:35:20","modified_gmt":"2024-10-01T14:35:20","slug":"ein-freundliches-laecheln","status":"publish","type":"portfolio","link":"https:\/\/connect2us.eu\/de\/geschichten\/ein-freundliches-laecheln\/","title":{"rendered":"Ein freundliches L\u00e4cheln"},"content":{"rendered":"\n<figure class=\"wp-block-image size-full\"><img loading=\"lazy\" decoding=\"async\" width=\"800\" height=\"533\" src=\"https:\/\/connect2us.eu\/wp-content\/uploads\/2020\/06\/11_manny_and_the_lady_800px.jpg\" alt=\"\" class=\"wp-image-843\" srcset=\"https:\/\/connect2us.eu\/wp-content\/uploads\/2020\/06\/11_manny_and_the_lady_800px.jpg 800w, https:\/\/connect2us.eu\/wp-content\/uploads\/2020\/06\/11_manny_and_the_lady_800px-300x200.jpg 300w, https:\/\/connect2us.eu\/wp-content\/uploads\/2020\/06\/11_manny_and_the_lady_800px-768x512.jpg 768w\" sizes=\"auto, (max-width: 800px) 100vw, 800px\" \/><\/figure>\n\n<p><span style=\"font-weight: 400;\">Manny ist 19 Jahre alt und stammt von den Philippinen.\nEr ist vor kurzem in die Niederlande gezogen.\nDas Wetter ist sch\u00f6n und er schlendert durch seine neue Stadt, Haarlem.\nEr wei\u00df, dass er gut aussieht und     <\/span>bettet die<span style=\"font-weight: 400;\">  Niederl\u00e4ndische Frauen sind sehr nett.\nSie scheinen sehr offen zu sein.   <\/span>Als er an einer Terrasse vorbeigeht, <span style=\"font-weight: 400;\">schaut ihn eine junge Frau an <\/span>und l\u00e4chelt freundlich<span style=\"font-weight: 400;\">.<\/span><\/p>\n\n<h3 class=\"wp-block-heading\" id=\"h-een-andere-kijk\">Eine andere Ansicht<\/h3>\n\n<p>&#8222;<span style=\"font-weight: 400;\">Wie sch\u00f6n, dass sie l\u00e4chelt&#8220;, dachte Manny, was f\u00fcr ein freundliches L\u00e4cheln. &#8222;Vielleicht will sie mich kennenlernen!&#8220;\nEr geht zur\u00fcck und setzt sich neben sie, um sich mit ihr zu unterhalten. Aber sie scheint w\u00fctend zu sein und sagt ihm, er solle verschwinden! Manny versteht das nicht. Er will ihr nicht zur Last fallen! &#8222;Aber warum l\u00e4chelt sie mich dann an, spielt sie ein Spiel mit mir? <\/span>&#8222;<\/p>\n\n<p><span style=\"font-weight: 400;\">Esther, ist der Name des M\u00e4dchens auf der Terrasse.\nSie sitzt im Sonnenschein auf einer Terrasse und dann kommt ein Junge vorbei, der eine Jacke tr\u00e4gt, die genauso aussieht wie die eines Freundes von ihr.\n&#8222;Sch\u00f6ne Jacke ist das!&#8220;, denkt sie und l\u00e4chelt ihn an.\nAber dann kommt der Junge auf sie zu und setzt sich einfach so neben sie!\nEsther f\u00fchlt sich ein wenig bedroht und sagt, er solle verschwinden.\n&#8222;Ich will ja nicht unh\u00f6flich sein, aber ich kann doch einfach jemanden anl\u00e4cheln, oder?     <\/span>&#8222;, denkt sie.<\/p>\n\n<h3 class=\"wp-block-heading\">Die Umst\u00e4nde<\/h3>\n\n<p><span style=\"font-weight: 400;\">Sie wissen nie, warum eine junge Frau einen jungen Mann anl\u00e4chelt.\nVielleicht sieht er gut aus, vielleicht will sie einfach nur nett sein, vielleicht gef\u00e4llt ihr seine Jacke.\nEs ist gut zu wissen, dass holl\u00e4ndische Frauen sehr gut darin sind, Augenkontakt herzustellen und zu l\u00e4cheln, ohne Erwartungen an die M\u00e4nner zu stellen.\nF\u00fcr niederl\u00e4ndische Frauen ist das ein Gef\u00fchl von Freiheit.\nEs steht der Frau frei, den Kontakt jederzeit herzustellen und zu unterbrechen.    <\/span><\/p>\n\n<h3 class=\"wp-block-heading\">Wo ist die Verbindung?<\/h3>\n\n<p><span style=\"font-weight: 400;\">Manny muss wissen, dass Augenkontakt und ein freundliches L\u00e4cheln in den Niederlanden normalerweise nicht viel bedeuten.\nIn den Niederlanden neigen die Menschen zu einem leichten, aber eher oberfl\u00e4chlichen Kontakt mit Fremden.\nVielleicht geht er weiter oder setzt sich an einen anderen Platz auf der Terrasse, um zu sehen, ob sie wieder Kontakt aufnimmt.    <\/span><\/p>\n\n<p><span style=\"font-weight: 400;\">F\u00fcr Esther kann es sch\u00f6n sein, zu erkennen, dass (Augen-)Kontakt in anderen Kulturen, vor allem in unserer, mehr Bedeutungen hat.\nNicht unbedingt sexuell, sondern als Freundschaft, als Zusammensein.\nEinen Moment f\u00fcr sich zu haben, wird oft als Einsamkeit interpretiert.\nAnstatt sich bedroht zu f\u00fchlen, kann sie Manny freundlich sagen, dass es sich um ein Missverst\u00e4ndnis handelt und dass sie lieber allein sein m\u00f6chte.   <\/span><\/p>\n\n<h2 class=\"wp-block-heading\">Erl\u00e4uterung<\/h2>\n\n<p>In der niederl\u00e4ndischen Ich-Gesellschaft sch\u00e4tzt man Zeit und Raum f\u00fcr sich selbst.\nAllein auf einer Terrasse zu sitzen, hat in den meisten F\u00e4llen nichts mit Einsamkeit zu tun.\nAu\u00dferdem gibt es in den Niederlanden eine Kultur, in der Gleichheit wichtig ist.\nAuch zwischen M\u00e4nnern und Frauen.\nFrauen entscheiden selbst, wann sie Kontakt annehmen oder suchen.\nDaher sind &#8218;Zeichen&#8216;, wie ein freundliches L\u00e4cheln, die in anderen Kulturen eine gro\u00dfe Rolle spielen, in den Niederlanden oft nicht wichtig.       <\/p>\n\n<p>Das Bewusstsein und der gegenseitige Respekt f\u00fcr diese Unterschiede helfen Manny und Esther, sich aufeinander zuzubewegen und einander bessere Nachbarn zu sein.<\/p>\n\n<p><a href=\"https:\/\/connect2us.eu\/de\/die-sozialen-dilemmas-in-unserer-gesellschaft\/\">Lesen Sie mehr \u00fcber Kulturdimensionen?<\/a><\/p>\n\n<p><strong>Wichtig zu wissen:<\/strong><\/p>\n\n<p>Diese Anekdote basiert auf Geschichten, die uns mitgeteilt wurden.\nConnect2Us ist bestrebt, das Dilemma von beiden Seiten zu beleuchten und die Menschen nicht zu etikettieren oder vorzuschlagen, dass sich der eine oder der andere anders verhalten sollte.\nIn unserer t\u00e4glichen kultur\u00fcbergreifenden Arbeit sehen wir, dass das Bewusstsein der Beteiligten ausreicht, um sich aufeinander zuzubewegen, ohne so zu tun, als w\u00e4ren sie sehr unterschiedlich.\nConnect2Us m\u00f6chte den Lesern helfen, Vorurteile zu erkennen und zu vermeiden.     <a href=\"https:\/\/www.connect2us.eu\/?page_id=1572&amp;preview=true\">Lesen Sie hier \u00fcber Vorurteile, Diskriminierung und Rassismus.<\/a><\/p>\n","protected":false},"excerpt":{"rendered":"<p>Manny ist 19 Jahre alt und stammt von den Philippinen. Er ist vor kurzem in die Niederlande gezogen. Das Wetter ist sch\u00f6n und er schlendert durch seine neue Stadt, Haarlem. Er wei\u00df, dass er gut aussieht und bettet die Niederl\u00e4ndische Frauen sind sehr nett. Sie scheinen sehr offen zu sein. Als er an einer Terrasse [&hellip;]<\/p>\n","protected":false},"author":3,"featured_media":3874,"menu_order":0,"comment_status":"closed","ping_status":"closed","template":"","format":"standard","meta":{"_vp_format_video_url":"","_vp_image_focal_point":[],"footnotes":""},"portfolio_category":[],"portfolio_tag":[],"class_list":["post-3873","portfolio","type-portfolio","status-publish","format-standard","has-post-thumbnail","hentry"],"blocksy_meta":[],"_links":{"self":[{"href":"https:\/\/connect2us.eu\/de\/wp-json\/wp\/v2\/portfolio\/3873","targetHints":{"allow":["GET"]}}],"collection":[{"href":"https:\/\/connect2us.eu\/de\/wp-json\/wp\/v2\/portfolio"}],"about":[{"href":"https:\/\/connect2us.eu\/de\/wp-json\/wp\/v2\/types\/portfolio"}],"author":[{"embeddable":true,"href":"https:\/\/connect2us.eu\/de\/wp-json\/wp\/v2\/users\/3"}],"replies":[{"embeddable":true,"href":"https:\/\/connect2us.eu\/de\/wp-json\/wp\/v2\/comments?post=3873"}],"version-history":[{"count":1,"href":"https:\/\/connect2us.eu\/de\/wp-json\/wp\/v2\/portfolio\/3873\/revisions"}],"predecessor-version":[{"id":3875,"href":"https:\/\/connect2us.eu\/de\/wp-json\/wp\/v2\/portfolio\/3873\/revisions\/3875"}],"wp:featuredmedia":[{"embeddable":true,"href":"https:\/\/connect2us.eu\/de\/wp-json\/wp\/v2\/media\/3874"}],"wp:attachment":[{"href":"https:\/\/connect2us.eu\/de\/wp-json\/wp\/v2\/media?parent=3873"}],"wp:term":[{"taxonomy":"portfolio_category","embeddable":true,"href":"https:\/\/connect2us.eu\/de\/wp-json\/wp\/v2\/portfolio_category?post=3873"},{"taxonomy":"portfolio_tag","embeddable":true,"href":"https:\/\/connect2us.eu\/de\/wp-json\/wp\/v2\/portfolio_tag?post=3873"}],"curies":[{"name":"wp","href":"https:\/\/api.w.org\/{rel}","templated":true}]}}

Ein freundliches Lächeln

<figure class="wp-block-image size-full"><img loading="lazy" decoding="async" width="800" height="533" src="https://connect2us.eu/wp-content/uploads/2020/06/11_manny_and_the_lady_800px.jpg" alt="" class="wp-image-843" srcset="https://connect2us.eu/wp-content/uploads/2020/06/11_manny_and_the_lady_800px.jpg 800w, https://connect2us.eu/wp-content/uploads/2020/06/11_manny_and_the_lady_800px-300x200.jpg 300w, https://connect2us.eu/wp-content/uploads/2020/06/11_manny_and_the_lady_800px-768x512.jpg 768w" sizes="auto, (max-width: 800px) 100vw, 800px" /></figure>

<p><span style="font-weight: 400;">Manny ist 19 Jahre alt und stammt von den Philippinen.
Er ist vor kurzem in die Niederlande gezogen.
Das Wetter ist schön und er schlendert durch seine neue Stadt, Haarlem.
Er weiß, dass er gut aussieht und     </span>bettet die<span style="font-weight: 400;">  Niederländische Frauen sind sehr nett.
Sie scheinen sehr offen zu sein.   </span>Als er an einer Terrasse vorbeigeht, <span style="font-weight: 400;">schaut ihn eine junge Frau an </span>und lächelt freundlich<span style="font-weight: 400;">.</span></p>

<h3 class="wp-block-heading" id="h-een-andere-kijk">Eine andere Ansicht</h3>

<p>&#8222;<span style="font-weight: 400;">Wie schön, dass sie lächelt&#8220;, dachte Manny, was für ein freundliches Lächeln. &#8222;Vielleicht will sie mich kennenlernen!&#8220;
Er geht zurück und setzt sich neben sie, um sich mit ihr zu unterhalten. Aber sie scheint wütend zu sein und sagt ihm, er solle verschwinden! Manny versteht das nicht. Er will ihr nicht zur Last fallen! &#8222;Aber warum lächelt sie mich dann an, spielt sie ein Spiel mit mir? </span>&#8222;</p>

<p><span style="font-weight: 400;">Esther, ist der Name des Mädchens auf der Terrasse.
Sie sitzt im Sonnenschein auf einer Terrasse und dann kommt ein Junge vorbei, der eine Jacke trägt, die genauso aussieht wie die eines Freundes von ihr.
&#8222;Schöne Jacke ist das!&#8220;, denkt sie und lächelt ihn an.
Aber dann kommt der Junge auf sie zu und setzt sich einfach so neben sie!
Esther fühlt sich ein wenig bedroht und sagt, er solle verschwinden.
&#8222;Ich will ja nicht unhöflich sein, aber ich kann doch einfach jemanden anlächeln, oder?     </span>&#8222;, denkt sie.</p>

<h3 class="wp-block-heading">Die Umstände</h3>

<p><span style="font-weight: 400;">Sie wissen nie, warum eine junge Frau einen jungen Mann anlächelt.
Vielleicht sieht er gut aus, vielleicht will sie einfach nur nett sein, vielleicht gefällt ihr seine Jacke.
Es ist gut zu wissen, dass holländische Frauen sehr gut darin sind, Augenkontakt herzustellen und zu lächeln, ohne Erwartungen an die Männer zu stellen.
Für niederländische Frauen ist das ein Gefühl von Freiheit.
Es steht der Frau frei, den Kontakt jederzeit herzustellen und zu unterbrechen.    </span></p>

<h3 class="wp-block-heading">Wo ist die Verbindung?</h3>

<p><span style="font-weight: 400;">Manny muss wissen, dass Augenkontakt und ein freundliches Lächeln in den Niederlanden normalerweise nicht viel bedeuten.
In den Niederlanden neigen die Menschen zu einem leichten, aber eher oberflächlichen Kontakt mit Fremden.
Vielleicht geht er weiter oder setzt sich an einen anderen Platz auf der Terrasse, um zu sehen, ob sie wieder Kontakt aufnimmt.    </span></p>

<p><span style="font-weight: 400;">Für Esther kann es schön sein, zu erkennen, dass (Augen-)Kontakt in anderen Kulturen, vor allem in unserer, mehr Bedeutungen hat.
Nicht unbedingt sexuell, sondern als Freundschaft, als Zusammensein.
Einen Moment für sich zu haben, wird oft als Einsamkeit interpretiert.
Anstatt sich bedroht zu fühlen, kann sie Manny freundlich sagen, dass es sich um ein Missverständnis handelt und dass sie lieber allein sein möchte.   </span></p>

<h2 class="wp-block-heading">Erläuterung</h2>

<p>In der niederländischen Ich-Gesellschaft schätzt man Zeit und Raum für sich selbst.
Allein auf einer Terrasse zu sitzen, hat in den meisten Fällen nichts mit Einsamkeit zu tun.
Außerdem gibt es in den Niederlanden eine Kultur, in der Gleichheit wichtig ist.
Auch zwischen Männern und Frauen.
Frauen entscheiden selbst, wann sie Kontakt annehmen oder suchen.
Daher sind &#8218;Zeichen&#8216;, wie ein freundliches Lächeln, die in anderen Kulturen eine große Rolle spielen, in den Niederlanden oft nicht wichtig.       </p>

<p>Das Bewusstsein und der gegenseitige Respekt für diese Unterschiede helfen Manny und Esther, sich aufeinander zuzubewegen und einander bessere Nachbarn zu sein.</p>

<p><a href="https://connect2us.eu/de/die-sozialen-dilemmas-in-unserer-gesellschaft/">Lesen Sie mehr über Kulturdimensionen?</a></p>

<p><strong>Wichtig zu wissen:</strong></p>

<p>Diese Anekdote basiert auf Geschichten, die uns mitgeteilt wurden.
Connect2Us ist bestrebt, das Dilemma von beiden Seiten zu beleuchten und die Menschen nicht zu etikettieren oder vorzuschlagen, dass sich der eine oder der andere anders verhalten sollte.
In unserer täglichen kulturübergreifenden Arbeit sehen wir, dass das Bewusstsein der Beteiligten ausreicht, um sich aufeinander zuzubewegen, ohne so zu tun, als wären sie sehr unterschiedlich.
Connect2Us möchte den Lesern helfen, Vorurteile zu erkennen und zu vermeiden.     <a href="https://www.connect2us.eu/?page_id=1572&amp;preview=true">Lesen Sie hier über Vorurteile, Diskriminierung und Rassismus.</a></p>

<p>Manny ist 19 Jahre alt und stammt von den Philippinen. Er ist vor kurzem in die Niederlande gezogen. Das Wetter ist schön und er schlendert durch seine neue Stadt, Haarlem. Er weiß, dass er gut aussieht und bettet die Niederländische Frauen sind sehr nett. Sie scheinen sehr offen zu sein. Als er an einer Terrasse [&hellip;]</p>
