{"id":3943,"date":"2017-05-24T14:14:34","date_gmt":"2017-05-24T12:14:34","guid":{"rendered":"https:\/\/staging.connect2us.eu\/verhalen\/freundliche-nachbarn\/"},"modified":"2024-10-04T20:18:33","modified_gmt":"2024-10-04T18:18:33","slug":"freundliche-nachbarn","status":"publish","type":"portfolio","link":"https:\/\/connect2us.eu\/de\/geschichten\/freundliche-nachbarn\/","title":{"rendered":"Freundliche Nachbarn"},"content":{"rendered":"\n<figure class=\"wp-block-image size-full\"><img loading=\"lazy\" decoding=\"async\" width=\"800\" height=\"533\" src=\"https:\/\/connect2us.eu\/wp-content\/uploads\/2020\/06\/06_friendly_neighbors_800px.jpg\" alt=\"\" class=\"wp-image-839\" srcset=\"https:\/\/connect2us.eu\/wp-content\/uploads\/2020\/06\/06_friendly_neighbors_800px.jpg 800w, https:\/\/connect2us.eu\/wp-content\/uploads\/2020\/06\/06_friendly_neighbors_800px-300x200.jpg 300w, https:\/\/connect2us.eu\/wp-content\/uploads\/2020\/06\/06_friendly_neighbors_800px-768x512.jpg 768w\" sizes=\"auto, (max-width: 800px) 100vw, 800px\" \/><\/figure>\n\n<p><span style=\"font-weight: 400;\">Aarav und Diya sind zu Statusinhabern geworden.\nSie sind mit ihrer kleinen Tochter in ein neues Haus gezogen und Aarav hat ein Gesch\u00e4ft er\u00f6ffnet.\nSie kommen in Kontakt mit ihren neuen Nachbarn Kees und Annie.  <\/span>  Sie scheinen freundliche Nachbarn zu sein, aber die Kommunikation ist angespannt.<\/p>\n\n<p>Aber ein paar Tage sp\u00e4ter kam Aarav w\u00fctend aus seinem Gesch\u00e4ft nach Hause.\nKees war vorbeigekommen und hatte ihm gesagt, er solle sich den Bart abrasieren!\nUnd am n\u00e4chsten Tag sagte Annie beil\u00e4ufig zu Diya, dass sie in ihrem Sari so sehr auffiel.\nDiya erkl\u00e4rte, warum diese Kleidung zu ihr und ihrem Glauben passt, aber Annie zuckte nur mit den Schultern!\nDiya ist immer noch entr\u00fcstet!\n&#8222;Ich f\u00fchle mich von diesen Leuten beleidigt und ziehe es vor, etwas Abstand zu halten&#8220;, sagte sie.     <\/p>\n\n<p>Annie wollte einfach nur helfen.\n&#8222;Wir haben neue Nachbarn aus Indien und wollten ihnen helfen, sich in den Niederlanden zu integrieren.&#8220;\nSie hatten an diesem ersten Tag beim Einzug geholfen und es war sehr angenehm! Der neue Nachbar, Aarav, hat einen Laden er\u00f6ffnet, aber mit seinem schwarzen Bart k\u00f6nnte er die Kunden abschrecken. Kees wollte ihm helfen, indem er ihn freundlich aufkl\u00e4rte. &#8222;Und ich habe Diya ehrlich gesagt gesagt, dass sie in der Nachbarschaft besser akzeptiert wird, wenn sie ihre Kleidung ein wenig \u00e4ndert. Aber sie meint, ihre Religion sei wichtiger und wie sollen sie sich integrieren?&#8220;  <\/p>\n\n<h2 class=\"wp-block-heading\" id=\"h-waar-ligt-de-verbinding\">Wo ist die Verbindung?<\/h2>\n\n<p>Kees und Annie wollen helfen und erkl\u00e4ren, wie die Dinge in den Niederlanden funktionieren.\nSie haben keine Ahnung, dass ihre Kommentare von Aarav und Diya als beleidigend und sogar diskriminierend aufgefasst werden k\u00f6nnten. <\/p>\n\n<p>Die meisten Niederl\u00e4nder haben eine direkte Art zu kommunizieren und sagen die Dinge auf eine klare Art und Weise.\nSie gehen oft mit guten Absichten recht weit und riskieren dann, Menschen mit anderem oder bikulturellem Hintergrund zu verletzen.\nManche Niederl\u00e4nder sind auch der Meinung, dass sich die Einwanderer besser anpassen sollten.&#8220;  <\/p>\n\n<p>Aarav und Diya werden mit einem ganz anderen Kommunikationsstil konfrontiert, als sie es gewohnt sind.\nSie kommen aus einer Wir-Kultur, w\u00e4hrend Kees und Annie aus einer Ich-Kultur kommen.\nF\u00fcr Kees und Annie ist es wichtig, offen und ehrlich zu sein, sie verwenden eine direkte Art zu sprechen.\nWenn die andere Person anderer Meinung ist, h\u00f6ren sie es.\nSie wollen freundliche Nachbarn sein.      <\/p>\n\n<p>In Indien sprechen die Menschen viel mehr indirekt. Inder beteiligen sich viel mehr am Sprechen. K\u00f6rpersprache, Schweigen und alle Arten von W\u00f6rtern wie vielleicht, ein bisschen, vielleicht. Wir nennen diese &#8218;Abschw\u00e4cher&#8216;. Worte und Gesten, die abschw\u00e4chen. Solche, die helfen, etwas mit einer Ablenkung zu sagen. Im Niederl\u00e4ndischen gibt es nicht so viele M\u00f6glichkeiten, abzuschw\u00e4chen, und es passt auch nicht zu unserer Art zu sprechen. Stattdessen verwenden wir verst\u00e4rkende Worte. Annie wird ihre Bemerkung mit &#8218;verstehen Sie?&#8216; erg\u00e4nzt haben. Oder &#8217;sicher&#8216; und &#8218;ich glaube&#8216;. Und dann direkt zu Diya schauen, die dann nicht wei\u00df, wohin sie schauen soll.&#8220; Annie denkt, dass sie nicht zuh\u00f6ren will, dass sie nicht interessiert ist. Ob es ihr gef\u00e4llt oder nicht.<\/p>\n\n<p>Aarav und Diya k\u00f6nnen auf die Kommentare von Kees und Annie auf unterschiedliche Weise reagieren.\nSie k\u00f6nnen den Rat ernsthaft in Erw\u00e4gung ziehen, denn Kees und Annie sprechen offensichtlich \u00fcber etwas, das sie f\u00fcr wichtig halten.\nVielleicht sind sie ja doch freundliche Nachbarn.  <\/p>\n\n<p>Kees und Annie helfen Ihnen gerne, aber sie k\u00f6nnen dies auch auf indirekte Weise tun, indem sie Fragen zum Bart stellen.\nWie lange haben Sie ihn schon?\nTragen viele Menschen in Indien B\u00e4rte?\nAarav und Diya sind mit indirekter Kommunikation aufgewachsen und lesen zwischen den Zeilen.\nSie ziehen ihre Schl\u00fcsse.      <\/p>\n\n<p>Aber es ist das Beste, diese Art von Dingen sein zu lassen.\nNiemand hat das Recht, den anderen nach seinem Aussehen anzusprechen.\nDas f\u00fchlt sich diskriminierend an, oder schlimmer noch: rassistisch.\nWenn Aarav das Gef\u00fchl hat, dass sein Bart seinem Erfolg im Wege steht, kann er jederzeit dar\u00fcber nachdenken.\nKees muss sich daf\u00fcr nicht verantwortlich f\u00fchlen.    <\/p>\n\n<p><strong>Kurz gesagt<\/strong><\/p>\n\n<p>F\u00fcr Kees und Annie:  <\/p>\n\n<ul class=\"wp-block-list\">\n<li>Akzeptieren Sie, dass Aarav und Diya aus der Wir-Kultur stammen.<\/li>\n\n\n\n<li>Aarav und Diya werden wahrscheinlich nicht zeigen, was sie wirklich denken.\nAchten Sie auf andere Zeichen in ihrer Kommunikation.   <\/li>\n\n\n\n<li>Schaffen Sie die M\u00f6glichkeit, etwas klarzustellen und tun Sie dies schrittweise, wenn es sich um ein pers\u00f6nliches Thema handelt.<\/li>\n\n\n\n<li>Abschw\u00e4chende Worte k\u00f6nnen dabei helfen.<\/li>\n<\/ul>\n\n<p>F\u00fcr Aarav und Diya:<\/p>\n\n<ul class=\"wp-block-list\">\n<li>Akzeptieren Sie, dass Sie in einer sehr starken Ich-Kultur leben.<\/li>\n\n\n\n<li>Dass das Herz auf der Zunge liegt und dass die Niederl\u00e4nder Sie direkt ansprechen und ihre Meinung sagen.<\/li>\n\n\n\n<li>Stellen Sie vor allem Ihre Fragen und bringen Sie Ihre \u00dcberraschung zum Ausdruck.  <\/li>\n\n\n\n<li>Es ist normal, dass Sie nicht einverstanden sind und dies auch kundtun.<\/li>\n\n\n\n<li>Es kann nicht schaden, Worte zu verwenden, die genau das unterstreichen, was Sie sagen wollen.<\/li>\n<\/ul>\n\n<p><\/p>\n\n<h2 class=\"wp-block-heading\" id=\"h-belangrijk-om-te-weten\"><strong>Wichtig zu wissen<\/strong><\/h2>\n\n<p>Die Erz\u00e4hlung basiert auf Geschichten, die uns mitgeteilt wurden.\nConnect2Us ist bestrebt, die Geschichte von beiden Seiten zu beleuchten und die Menschen nicht zu etikettieren oder vorzuschlagen, dass sich der eine oder der andere anders verhalten sollte.\nIn unserer t\u00e4glichen interkulturellen Arbeit sehen wir, dass Bewusstsein ausreicht, damit sich die Beteiligten aufeinander zubewegen k\u00f6nnen, ohne sich selbst zu verleugnen.\nConnect2Us konzentriert sich auf Vorurteile.     <a href=\"https:\/\/www.connect2us.eu\/?page_id=1572&amp;preview=true\">Lesen Sie hier \u00fcber Vorurteile, Diskriminierung und Rassismus.<\/a><\/p>\n","protected":false},"excerpt":{"rendered":"<p>Hier kommt eine kurze Einf\u00fchrung<\/p>\n","protected":false},"author":3,"featured_media":3944,"menu_order":0,"comment_status":"closed","ping_status":"closed","template":"","format":"standard","meta":{"_vp_format_video_url":"","_vp_image_focal_point":[],"footnotes":""},"portfolio_category":[],"portfolio_tag":[],"class_list":["post-3943","portfolio","type-portfolio","status-publish","format-standard","has-post-thumbnail","hentry"],"blocksy_meta":[],"_links":{"self":[{"href":"https:\/\/connect2us.eu\/de\/wp-json\/wp\/v2\/portfolio\/3943","targetHints":{"allow":["GET"]}}],"collection":[{"href":"https:\/\/connect2us.eu\/de\/wp-json\/wp\/v2\/portfolio"}],"about":[{"href":"https:\/\/connect2us.eu\/de\/wp-json\/wp\/v2\/types\/portfolio"}],"author":[{"embeddable":true,"href":"https:\/\/connect2us.eu\/de\/wp-json\/wp\/v2\/users\/3"}],"replies":[{"embeddable":true,"href":"https:\/\/connect2us.eu\/de\/wp-json\/wp\/v2\/comments?post=3943"}],"version-history":[{"count":1,"href":"https:\/\/connect2us.eu\/de\/wp-json\/wp\/v2\/portfolio\/3943\/revisions"}],"predecessor-version":[{"id":3945,"href":"https:\/\/connect2us.eu\/de\/wp-json\/wp\/v2\/portfolio\/3943\/revisions\/3945"}],"wp:featuredmedia":[{"embeddable":true,"href":"https:\/\/connect2us.eu\/de\/wp-json\/wp\/v2\/media\/3944"}],"wp:attachment":[{"href":"https:\/\/connect2us.eu\/de\/wp-json\/wp\/v2\/media?parent=3943"}],"wp:term":[{"taxonomy":"portfolio_category","embeddable":true,"href":"https:\/\/connect2us.eu\/de\/wp-json\/wp\/v2\/portfolio_category?post=3943"},{"taxonomy":"portfolio_tag","embeddable":true,"href":"https:\/\/connect2us.eu\/de\/wp-json\/wp\/v2\/portfolio_tag?post=3943"}],"curies":[{"name":"wp","href":"https:\/\/api.w.org\/{rel}","templated":true}]}}

<figure class="wp-block-image size-full"><img loading="lazy" decoding="async" width="800" height="533" src="https://connect2us.eu/wp-content/uploads/2020/06/06_friendly_neighbors_800px.jpg" alt="" class="wp-image-839" srcset="https://connect2us.eu/wp-content/uploads/2020/06/06_friendly_neighbors_800px.jpg 800w, https://connect2us.eu/wp-content/uploads/2020/06/06_friendly_neighbors_800px-300x200.jpg 300w, https://connect2us.eu/wp-content/uploads/2020/06/06_friendly_neighbors_800px-768x512.jpg 768w" sizes="auto, (max-width: 800px) 100vw, 800px" /></figure>

<p><span style="font-weight: 400;">Aarav und Diya sind zu Statusinhabern geworden.
Sie sind mit ihrer kleinen Tochter in ein neues Haus gezogen und Aarav hat ein Geschäft eröffnet.
Sie kommen in Kontakt mit ihren neuen Nachbarn Kees und Annie.  </span>  Sie scheinen freundliche Nachbarn zu sein, aber die Kommunikation ist angespannt.</p>

<p>Aber ein paar Tage später kam Aarav wütend aus seinem Geschäft nach Hause.
Kees war vorbeigekommen und hatte ihm gesagt, er solle sich den Bart abrasieren!
Und am nächsten Tag sagte Annie beiläufig zu Diya, dass sie in ihrem Sari so sehr auffiel.
Diya erklärte, warum diese Kleidung zu ihr und ihrem Glauben passt, aber Annie zuckte nur mit den Schultern!
Diya ist immer noch entrüstet!
&#8222;Ich fühle mich von diesen Leuten beleidigt und ziehe es vor, etwas Abstand zu halten&#8220;, sagte sie.     </p>

<p>Annie wollte einfach nur helfen.
&#8222;Wir haben neue Nachbarn aus Indien und wollten ihnen helfen, sich in den Niederlanden zu integrieren.&#8220;
Sie hatten an diesem ersten Tag beim Einzug geholfen und es war sehr angenehm! Der neue Nachbar, Aarav, hat einen Laden eröffnet, aber mit seinem schwarzen Bart könnte er die Kunden abschrecken. Kees wollte ihm helfen, indem er ihn freundlich aufklärte. &#8222;Und ich habe Diya ehrlich gesagt gesagt, dass sie in der Nachbarschaft besser akzeptiert wird, wenn sie ihre Kleidung ein wenig ändert. Aber sie meint, ihre Religion sei wichtiger und wie sollen sie sich integrieren?&#8220;  </p>

<h2 class="wp-block-heading" id="h-waar-ligt-de-verbinding">Wo ist die Verbindung?</h2>

<p>Kees und Annie wollen helfen und erklären, wie die Dinge in den Niederlanden funktionieren.
Sie haben keine Ahnung, dass ihre Kommentare von Aarav und Diya als beleidigend und sogar diskriminierend aufgefasst werden könnten. </p>

<p>Die meisten Niederländer haben eine direkte Art zu kommunizieren und sagen die Dinge auf eine klare Art und Weise.
Sie gehen oft mit guten Absichten recht weit und riskieren dann, Menschen mit anderem oder bikulturellem Hintergrund zu verletzen.
Manche Niederländer sind auch der Meinung, dass sich die Einwanderer besser anpassen sollten.&#8220;  </p>

<p>Aarav und Diya werden mit einem ganz anderen Kommunikationsstil konfrontiert, als sie es gewohnt sind.
Sie kommen aus einer Wir-Kultur, während Kees und Annie aus einer Ich-Kultur kommen.
Für Kees und Annie ist es wichtig, offen und ehrlich zu sein, sie verwenden eine direkte Art zu sprechen.
Wenn die andere Person anderer Meinung ist, hören sie es.
Sie wollen freundliche Nachbarn sein.      </p>

<p>In Indien sprechen die Menschen viel mehr indirekt. Inder beteiligen sich viel mehr am Sprechen. Körpersprache, Schweigen und alle Arten von Wörtern wie vielleicht, ein bisschen, vielleicht. Wir nennen diese &#8218;Abschwächer&#8216;. Worte und Gesten, die abschwächen. Solche, die helfen, etwas mit einer Ablenkung zu sagen. Im Niederländischen gibt es nicht so viele Möglichkeiten, abzuschwächen, und es passt auch nicht zu unserer Art zu sprechen. Stattdessen verwenden wir verstärkende Worte. Annie wird ihre Bemerkung mit &#8218;verstehen Sie?&#8216; ergänzt haben. Oder &#8217;sicher&#8216; und &#8218;ich glaube&#8216;. Und dann direkt zu Diya schauen, die dann nicht weiß, wohin sie schauen soll.&#8220; Annie denkt, dass sie nicht zuhören will, dass sie nicht interessiert ist. Ob es ihr gefällt oder nicht.</p>

<p>Aarav und Diya können auf die Kommentare von Kees und Annie auf unterschiedliche Weise reagieren.
Sie können den Rat ernsthaft in Erwägung ziehen, denn Kees und Annie sprechen offensichtlich über etwas, das sie für wichtig halten.
Vielleicht sind sie ja doch freundliche Nachbarn.  </p>

<p>Kees und Annie helfen Ihnen gerne, aber sie können dies auch auf indirekte Weise tun, indem sie Fragen zum Bart stellen.
Wie lange haben Sie ihn schon?
Tragen viele Menschen in Indien Bärte?
Aarav und Diya sind mit indirekter Kommunikation aufgewachsen und lesen zwischen den Zeilen.
Sie ziehen ihre Schlüsse.      </p>

<p>Aber es ist das Beste, diese Art von Dingen sein zu lassen.
Niemand hat das Recht, den anderen nach seinem Aussehen anzusprechen.
Das fühlt sich diskriminierend an, oder schlimmer noch: rassistisch.
Wenn Aarav das Gefühl hat, dass sein Bart seinem Erfolg im Wege steht, kann er jederzeit darüber nachdenken.
Kees muss sich dafür nicht verantwortlich fühlen.    </p>

<p><strong>Kurz gesagt</strong></p>

<p>Für Kees und Annie:  </p>

<ul class="wp-block-list">
<li>Akzeptieren Sie, dass Aarav und Diya aus der Wir-Kultur stammen.</li>



<li>Aarav und Diya werden wahrscheinlich nicht zeigen, was sie wirklich denken.
Achten Sie auf andere Zeichen in ihrer Kommunikation.   </li>



<li>Schaffen Sie die Möglichkeit, etwas klarzustellen und tun Sie dies schrittweise, wenn es sich um ein persönliches Thema handelt.</li>



<li>Abschwächende Worte können dabei helfen.</li>
</ul>

<p>Für Aarav und Diya:</p>

<ul class="wp-block-list">
<li>Akzeptieren Sie, dass Sie in einer sehr starken Ich-Kultur leben.</li>



<li>Dass das Herz auf der Zunge liegt und dass die Niederländer Sie direkt ansprechen und ihre Meinung sagen.</li>



<li>Stellen Sie vor allem Ihre Fragen und bringen Sie Ihre Überraschung zum Ausdruck.  </li>



<li>Es ist normal, dass Sie nicht einverstanden sind und dies auch kundtun.</li>



<li>Es kann nicht schaden, Worte zu verwenden, die genau das unterstreichen, was Sie sagen wollen.</li>
</ul>

<p></p>

<h2 class="wp-block-heading" id="h-belangrijk-om-te-weten"><strong>Wichtig zu wissen</strong></h2>

<p>Die Erzählung basiert auf Geschichten, die uns mitgeteilt wurden.
Connect2Us ist bestrebt, die Geschichte von beiden Seiten zu beleuchten und die Menschen nicht zu etikettieren oder vorzuschlagen, dass sich der eine oder der andere anders verhalten sollte.
In unserer täglichen interkulturellen Arbeit sehen wir, dass Bewusstsein ausreicht, damit sich die Beteiligten aufeinander zubewegen können, ohne sich selbst zu verleugnen.
Connect2Us konzentriert sich auf Vorurteile.     <a href="https://www.connect2us.eu/?page_id=1572&amp;preview=true">Lesen Sie hier über Vorurteile, Diskriminierung und Rassismus.</a></p>

<p>Hier kommt eine kurze Einführung</p>
