{"id":3296,"date":"2021-02-08T20:38:49","date_gmt":"2021-02-08T18:38:49","guid":{"rendered":"https:\/\/staging.connect2us.eu\/nuestro-equipo\/"},"modified":"2025-02-06T11:39:56","modified_gmt":"2025-02-06T09:39:56","slug":"nuestro-equipo","status":"publish","type":"page","link":"https:\/\/connect2us.eu\/es\/nuestro-equipo\/","title":{"rendered":"Nuestro equipo"},"content":{"rendered":"\n<p>En esta p\u00e1gina, puedes leer sobre nuestro equipo en la Fundaci\u00f3n Connect2Us.<\/p>\n\n<h2 class=\"wp-block-heading\" id=\"h-bestuur\">Junta<\/h2>\n\n<p>La Fundaci\u00f3n Connect2Us fue fundada en diciembre de 2016 por Alette Vonk, Jan Vincent Meertens, Brigitte Opel y Tom Fadhronc.\nJan Vincent Meertens es presidente y gerente desde entonces. <\/p>\n\n<figure class=\"wp-block-image size-large\"><img loading=\"lazy\" decoding=\"async\" width=\"1024\" height=\"768\" src=\"https:\/\/connect2us.eu\/wp-content\/uploads\/2023\/03\/IMG_6142-1024x768.jpg\" alt=\"\" class=\"wp-image-2083\" srcset=\"https:\/\/connect2us.eu\/wp-content\/uploads\/2023\/03\/IMG_6142-1024x768.jpg 1024w, https:\/\/connect2us.eu\/wp-content\/uploads\/2023\/03\/IMG_6142-300x225.jpg 300w, https:\/\/connect2us.eu\/wp-content\/uploads\/2023\/03\/IMG_6142-768x576.jpg 768w, https:\/\/connect2us.eu\/wp-content\/uploads\/2023\/03\/IMG_6142-1536x1152.jpg 1536w, https:\/\/connect2us.eu\/wp-content\/uploads\/2023\/03\/IMG_6142-2048x1536.jpg 2048w\" sizes=\"auto, (max-width: 1024px) 100vw, 1024px\" \/><\/figure>\n\n<p><\/p>\n\n<h4 class=\"wp-block-heading\" id=\"h-jan-vincent-meertens\"><strong>Jan Vincent Meertens<\/strong><\/h4>\n\n<p>Presidente;<strong> <\/strong>Autora, formadora intercultural en Quetzal B.V., licenciataria de Hofstede Insights; Consejo Supervisor del Festival Piano Duo; Fundaci\u00f3n Bomberos Sin Fronteras; Redactora del Dem\u00f3crata D66. Experiencia principalmente en Norteam\u00e9rica, Latinoam\u00e9rica, Europa y Asia. <\/p>\n\n<h4 class=\"wp-block-heading\" id=\"h-adrienn-ujfalusi-links\">Adrienn Ujfalusi (izquierda)<\/h4>\n\n<p>Tesorero; Consejero Delegado Fundador de Wingzzz (cargo principal); Fundador de la Fundaci\u00f3n Accention; h\u00fangaro, experiencia principalmente en Europa Central.<\/p>\n\n<h4 class=\"wp-block-heading\" id=\"h-annette-de-vreede-rechts\">Annette de Vreede (derecha)<\/h4>\n\n<p>Secretaria; jefa de equipo del Consejo de Refugiados de los Pa\u00edses Bajos; ex fundadora y directora gerente de Relocation Care. Experiencia de trabajo con refugiados y expatriados en todo el mundo. <\/p>\n\n<p>Los miembros del patronato no reciben remuneraci\u00f3n alguna por su labor como patronos de la Fundaci\u00f3n.<\/p>\n\n<p>Enlaces externos: <a href=\"https:\/\/www.linkedin.com\/in\/janvincentmeertens\">Jan Vincent Meertens<\/a>; <a href=\"https:\/\/www.linkedin.com\/in\/adrienn-ujfalusi-a7011032\">Adrienne Ijfalusi;<\/a> <a href=\"https:\/\/www.linkedin.com\/in\/annette-de-vreede-837a20a\">Annette de Vreede<\/a><\/p>\n\n<h2 class=\"wp-block-heading\" id=\"h-vrijwilligers-en-hun-expertise\">Los voluntarios y su experiencia<\/h2>\n\n<ul class=\"wp-block-list\">\n<li><strong>Divya Susan -comunicaci\u00f3n intercultural<\/strong>, expatriada, India y Asia<\/li>\n\n\n\n<li><strong>Brigitte Opel<\/strong> -ex tesorera, comunicaci\u00f3n intercultural, expatriada, Europa Central<b> <\/b><\/li>\n\n\n\n<li><strong>Lena Heberger &#8211; <\/strong>Psic\u00f3loga cl\u00ednica &#8211; Alemania<\/li>\n\n\n\n<li><strong>Yirre Kroom- <\/strong>Becario en Samsung- Pa\u00edses Bajos, Surinam<\/li>\n\n\n\n<li><strong>Irina Daoudi- <\/strong>Comunicaciones- Pa\u00edses Bajos, Marruecos<\/li>\n\n\n\n<li><strong>Francesca Iaboni &#8211; <\/strong>Comunicaci\u00f3n intercultural- Italia<\/li>\n\n\n\n<li><strong>Anouk Lepretre &#8211; <\/strong>empresaria, Francia, Oriente Medio, Norteam\u00e9rica<\/li>\n\n\n\n<li><strong>Alette Vonk- <\/strong>\u00c1frica educaci\u00f3n, cooperaci\u00f3n al desarrollo<strong>                             <\/strong><\/li>\n\n\n\n<li><strong>Saskia Maarse- <\/strong>conferenciante, experta en comunicaci\u00f3n intercultural<\/li>\n\n\n\n<li><strong>Tom Fadronch- <\/strong>entrenador, deportes, Norteam\u00e9rica<\/li>\n\n\n\n<li><strong>Tatjana von Bonkewitz (Luxemburgo)- <\/strong>Profesora de gesti\u00f3n intercultural.\nCoordinadora Luxemburgo <\/li>\n\n\n\n<li><strong>Nathalie Meertens- <\/strong>escritora, comunicaci\u00f3n, inclusi\u00f3n.<\/li>\n<\/ul>\n\n<h2 class=\"wp-block-heading\" id=\"h-code-diversiteit-en-inclusiviteit\">C\u00f3digo de Diversidad e Inclusi\u00f3n<\/h2>\n\n<p>Connect2Us sigue el C\u00f3digo de Diversidad e Inclusi\u00f3n (CDI) siempre que es posible.\nLas 4 P -Personal, P\u00fablico, Programa y Socios- se vigilan de cerca al crear la organizaci\u00f3n. <\/p>\n\n<p>Encuentra aqu\u00ed nuestra declaraci\u00f3n <a href=\"https:\/\/connect2us.eu\/es\/prejuicios-discriminacion-racismo\/\">sobre prejuicios, discriminaci\u00f3n y racismo<\/a>.<\/p>\n\n<p>Para informar al p\u00fablico en general, Connect2Us trabaja con el modelo 6D de Geert Hofstede. En esta foto, puedes ver al presidente Jan Vincent Meertens con el profesor Geert Hofstede. <\/p>\n\n<figure class=\"wp-block-image size-full\"><img loading=\"lazy\" decoding=\"async\" width=\"1024\" height=\"768\" src=\"https:\/\/connect2us.eu\/wp-content\/uploads\/2024\/11\/IMG_3917.jpg\" alt=\"\" class=\"wp-image-4088\" srcset=\"https:\/\/connect2us.eu\/wp-content\/uploads\/2024\/11\/IMG_3917.jpg 1024w, https:\/\/connect2us.eu\/wp-content\/uploads\/2024\/11\/IMG_3917-300x225.jpg 300w, https:\/\/connect2us.eu\/wp-content\/uploads\/2024\/11\/IMG_3917-768x576.jpg 768w, https:\/\/connect2us.eu\/wp-content\/uploads\/2024\/11\/IMG_3917-500x375.jpg 500w, https:\/\/connect2us.eu\/wp-content\/uploads\/2024\/11\/IMG_3917-800x600.jpg 800w\" sizes=\"auto, (max-width: 1024px) 100vw, 1024px\" \/><\/figure>\n\n<h2 class=\"wp-block-heading\" id=\"h-overige-informatie\">Otros datos<\/h2>\n\n<p><br\/>Encuentra el <a href=\"https:\/\/connect2us.eu\/es\/informe-anual-2023\/\">informe<\/a> anual aqu\u00ed. Encuentra el<a href=\"https:\/\/connect2us.eu\/es\/plan-operativo\/\">plan operativo<\/a> aqu\u00ed.<\/p>\n","protected":false},"excerpt":{"rendered":"<p>En esta p\u00e1gina, puedes leer sobre nuestro equipo en la Fundaci\u00f3n Connect2Us. Junta La Fundaci\u00f3n Connect2Us fue fundada en diciembre de 2016 por Alette Vonk, Jan Vincent Meertens, Brigitte Opel y Tom Fadhronc. Jan Vincent Meertens es presidente y gerente desde entonces. Jan Vincent Meertens Presidente; Autora, formadora intercultural en Quetzal B.V., licenciataria de Hofstede [&hellip;]<\/p>\n","protected":false},"author":3,"featured_media":0,"parent":0,"menu_order":0,"comment_status":"closed","ping_status":"closed","template":"","meta":{"_vp_format_video_url":"","_vp_image_focal_point":[],"footnotes":""},"class_list":["post-3296","page","type-page","status-publish","hentry"],"blocksy_meta":[],"_links":{"self":[{"href":"https:\/\/connect2us.eu\/es\/wp-json\/wp\/v2\/pages\/3296","targetHints":{"allow":["GET"]}}],"collection":[{"href":"https:\/\/connect2us.eu\/es\/wp-json\/wp\/v2\/pages"}],"about":[{"href":"https:\/\/connect2us.eu\/es\/wp-json\/wp\/v2\/types\/page"}],"author":[{"embeddable":true,"href":"https:\/\/connect2us.eu\/es\/wp-json\/wp\/v2\/users\/3"}],"replies":[{"embeddable":true,"href":"https:\/\/connect2us.eu\/es\/wp-json\/wp\/v2\/comments?post=3296"}],"version-history":[{"count":7,"href":"https:\/\/connect2us.eu\/es\/wp-json\/wp\/v2\/pages\/3296\/revisions"}],"predecessor-version":[{"id":4354,"href":"https:\/\/connect2us.eu\/es\/wp-json\/wp\/v2\/pages\/3296\/revisions\/4354"}],"wp:attachment":[{"href":"https:\/\/connect2us.eu\/es\/wp-json\/wp\/v2\/media?parent=3296"}],"curies":[{"name":"wp","href":"https:\/\/api.w.org\/{rel}","templated":true}]}}

<p>En esta página, puedes leer sobre nuestro equipo en la Fundación Connect2Us.</p>

<h2 class="wp-block-heading" id="h-bestuur">Junta</h2>

<p>La Fundación Connect2Us fue fundada en diciembre de 2016 por Alette Vonk, Jan Vincent Meertens, Brigitte Opel y Tom Fadhronc.
Jan Vincent Meertens es presidente y gerente desde entonces. </p>

<figure class="wp-block-image size-large"><img loading="lazy" decoding="async" width="1024" height="768" src="https://connect2us.eu/wp-content/uploads/2023/03/IMG_6142-1024x768.jpg" alt="" class="wp-image-2083" srcset="https://connect2us.eu/wp-content/uploads/2023/03/IMG_6142-1024x768.jpg 1024w, https://connect2us.eu/wp-content/uploads/2023/03/IMG_6142-300x225.jpg 300w, https://connect2us.eu/wp-content/uploads/2023/03/IMG_6142-768x576.jpg 768w, https://connect2us.eu/wp-content/uploads/2023/03/IMG_6142-1536x1152.jpg 1536w, https://connect2us.eu/wp-content/uploads/2023/03/IMG_6142-2048x1536.jpg 2048w" sizes="auto, (max-width: 1024px) 100vw, 1024px" /></figure>

<p></p>

<h4 class="wp-block-heading" id="h-jan-vincent-meertens"><strong>Jan Vincent Meertens</strong></h4>

<p>Presidente;<strong> </strong>Autora, formadora intercultural en Quetzal B.V., licenciataria de Hofstede Insights; Consejo Supervisor del Festival Piano Duo; Fundación Bomberos Sin Fronteras; Redactora del Demócrata D66. Experiencia principalmente en Norteamérica, Latinoamérica, Europa y Asia. </p>

<h4 class="wp-block-heading" id="h-adrienn-ujfalusi-links">Adrienn Ujfalusi (izquierda)</h4>

<p>Tesorero; Consejero Delegado Fundador de Wingzzz (cargo principal); Fundador de la Fundación Accention; húngaro, experiencia principalmente en Europa Central.</p>

<h4 class="wp-block-heading" id="h-annette-de-vreede-rechts">Annette de Vreede (derecha)</h4>

<p>Secretaria; jefa de equipo del Consejo de Refugiados de los Países Bajos; ex fundadora y directora gerente de Relocation Care. Experiencia de trabajo con refugiados y expatriados en todo el mundo. </p>

<p>Los miembros del patronato no reciben remuneración alguna por su labor como patronos de la Fundación.</p>

<p>Enlaces externos: <a href="https://www.linkedin.com/in/janvincentmeertens">Jan Vincent Meertens</a>; <a href="https://www.linkedin.com/in/adrienn-ujfalusi-a7011032">Adrienne Ijfalusi;</a> <a href="https://www.linkedin.com/in/annette-de-vreede-837a20a">Annette de Vreede</a></p>

<h2 class="wp-block-heading" id="h-vrijwilligers-en-hun-expertise">Los voluntarios y su experiencia</h2>

<ul class="wp-block-list">
<li><strong>Divya Susan -comunicación intercultural</strong>, expatriada, India y Asia</li>



<li><strong>Brigitte Opel</strong> -ex tesorera, comunicación intercultural, expatriada, Europa Central<b> </b></li>



<li><strong>Lena Heberger &#8211; </strong>Psicóloga clínica &#8211; Alemania</li>



<li><strong>Yirre Kroom- </strong>Becario en Samsung- Países Bajos, Surinam</li>



<li><strong>Irina Daoudi- </strong>Comunicaciones- Países Bajos, Marruecos</li>



<li><strong>Francesca Iaboni &#8211; </strong>Comunicación intercultural- Italia</li>



<li><strong>Anouk Lepretre &#8211; </strong>empresaria, Francia, Oriente Medio, Norteamérica</li>



<li><strong>Alette Vonk- </strong>África educación, cooperación al desarrollo<strong>                             </strong></li>



<li><strong>Saskia Maarse- </strong>conferenciante, experta en comunicación intercultural</li>



<li><strong>Tom Fadronch- </strong>entrenador, deportes, Norteamérica</li>



<li><strong>Tatjana von Bonkewitz (Luxemburgo)- </strong>Profesora de gestión intercultural.
Coordinadora Luxemburgo </li>



<li><strong>Nathalie Meertens- </strong>escritora, comunicación, inclusión.</li>
</ul>

<h2 class="wp-block-heading" id="h-code-diversiteit-en-inclusiviteit">Código de Diversidad e Inclusión</h2>

<p>Connect2Us sigue el Código de Diversidad e Inclusión (CDI) siempre que es posible.
Las 4 P -Personal, Público, Programa y Socios- se vigilan de cerca al crear la organización. </p>

<p>Encuentra aquí nuestra declaración <a href="https://connect2us.eu/es/prejuicios-discriminacion-racismo/">sobre prejuicios, discriminación y racismo</a>.</p>

<p>Para informar al público en general, Connect2Us trabaja con el modelo 6D de Geert Hofstede. En esta foto, puedes ver al presidente Jan Vincent Meertens con el profesor Geert Hofstede. </p>

<figure class="wp-block-image size-full"><img loading="lazy" decoding="async" width="1024" height="768" src="https://connect2us.eu/wp-content/uploads/2024/11/IMG_3917.jpg" alt="" class="wp-image-4088" srcset="https://connect2us.eu/wp-content/uploads/2024/11/IMG_3917.jpg 1024w, https://connect2us.eu/wp-content/uploads/2024/11/IMG_3917-300x225.jpg 300w, https://connect2us.eu/wp-content/uploads/2024/11/IMG_3917-768x576.jpg 768w, https://connect2us.eu/wp-content/uploads/2024/11/IMG_3917-500x375.jpg 500w, https://connect2us.eu/wp-content/uploads/2024/11/IMG_3917-800x600.jpg 800w" sizes="auto, (max-width: 1024px) 100vw, 1024px" /></figure>

<h2 class="wp-block-heading" id="h-overige-informatie">Otros datos</h2>

<p><br/>Encuentra el <a href="https://connect2us.eu/es/informe-anual-2023/">informe</a> anual aquí. Encuentra el<a href="https://connect2us.eu/es/plan-operativo/">plan operativo</a> aquí.</p>

<p>En esta página, puedes leer sobre nuestro equipo en la Fundación Connect2Us. Junta La Fundación Connect2Us fue fundada en diciembre de 2016 por Alette Vonk, Jan Vincent Meertens, Brigitte Opel y Tom Fadhronc. Jan Vincent Meertens es presidente y gerente desde entonces. Jan Vincent Meertens Presidente; Autora, formadora intercultural en Quetzal B.V., licenciataria de Hofstede [&hellip;]</p>
