{"id":3392,"date":"2017-05-25T10:26:34","date_gmt":"2017-05-25T08:26:34","guid":{"rendered":"https:\/\/staging.connect2us.eu\/verhalen\/el-profesor-no-esta-claro\/"},"modified":"2024-09-30T15:51:41","modified_gmt":"2024-09-30T13:51:41","slug":"el-profesor-no-esta-claro","status":"publish","type":"portfolio","link":"https:\/\/connect2us.eu\/es\/historias\/el-profesor-no-esta-claro\/","title":{"rendered":"El profesor no est\u00e1 claro"},"content":{"rendered":"\n<figure class=\"wp-block-image size-full\"><img loading=\"lazy\" decoding=\"async\" width=\"800\" height=\"533\" src=\"https:\/\/connect2us.eu\/wp-content\/uploads\/2020\/06\/15_valeria_thinks_its_not_clear_800px.jpg\" alt=\"\" class=\"wp-image-800\" srcset=\"https:\/\/connect2us.eu\/wp-content\/uploads\/2020\/06\/15_valeria_thinks_its_not_clear_800px.jpg 800w, https:\/\/connect2us.eu\/wp-content\/uploads\/2020\/06\/15_valeria_thinks_its_not_clear_800px-300x200.jpg 300w, https:\/\/connect2us.eu\/wp-content\/uploads\/2020\/06\/15_valeria_thinks_its_not_clear_800px-768x512.jpg 768w\" sizes=\"auto, (max-width: 800px) 100vw, 800px\" \/><\/figure>\n\n<p><span style=\"font-weight: 400;\">Valeria, de 12 a\u00f1os, asiste por primera vez a una escuela holandesa.\nEs la \u00fanica inmigrante de la clase.\nDurante el primer mes, recibi\u00f3 una atenci\u00f3n especial del profesor.\nAhora el profesor le pregunta si quiere trabajar con un peque\u00f1o grupo de compa\u00f1eros para hacer un trabajo y una presentaci\u00f3n.   <\/span>  \u00a1Todos hablan indistintamente y el profesor ni siquiera presta atenci\u00f3n!\n\u00a1El profesor no es claro! <\/p>\n\n<h3 class=\"wp-block-heading\" id=\"h-een-andere-kijk\">Otro punto de vista<\/h3>\n\n<p><span style=\"font-weight: 400;\">Al principio, Valeria estaba entusiasmada con la tarea.\n\u00ab\u00a1Divertido!\u00bb, pens\u00f3, \u00ab\u00bfde qu\u00e9 animal quiere la profesora que hagamos algo bonito?\u00bb.\n\u00a1Pero no dijo eso en absoluto!\nLos ni\u00f1os de su grupo se gritan unos a otros: \u00ab\u00a1Mi perro!\u00bb dice uno, \u00ab\u00a1No, mi gato!\u00bb y otra ni\u00f1a quiere hacerlo sobre su bonito poni.\nValeria quiere preguntar a la profesora, pero est\u00e1 ocupada con otra cosa.\nNo se atreve a levantarse.\n\u00ab\u00bfPor qu\u00e9 no nos dice lo que tenemos que hacer?\u00bb, piensa Valeria.\n\u00abEsos ni\u00f1os creen que saben, pero todos dicen otra cosa.\nMe siento sola y echo de menos a Luna, mi dulce gata que sigue en Venezuela.        <\/span>  \u00bfPor qu\u00e9 el profesor es tan poco claro?\u00bb<\/p>\n\n<p><span style=\"font-weight: 400;\">El profesor tiene plena confianza en los ni\u00f1os.\nLo resolver\u00e1n juntos.\nTambi\u00e9n est\u00e1 orgullosa de Valeria.    <\/span>\u00abEsos<span style=\"font-weight: 400;\">  ya empieza a ir bien.\nBuena chica!\u00bb, piensa. \u00abHe pedido a la clase que haga un trabajo y todos los ni\u00f1os aportan una idea.\nEs muy bonito.\nAs\u00ed que les dejo hacer lo suyo.\nPero Valeria no dice nada y parece despistada.\nA lo mejor es que en Venezuela no tienen mascotas.     <\/span>\u00bb Decide dejarlo como est\u00e1, si Valeria tiene alguna pregunta la oir\u00e1.<\/p>\n\n<h3 class=\"wp-block-heading\" id=\"h-wat-is-er-aan-de-hand\">\u00bfQu\u00e9 est\u00e1 pasando?<\/h3>\n\n<p>Valeria procede de una sociedad m\u00e1s autoritaria que la holandesa.\nComo resultado, la gente necesita mucha m\u00e1s claridad por parte del profesor, sobre la tarea y sobre c\u00f3mo obtener una buena nota.\nPara    <span style=\"font-weight: 400;\">Valeria es la profesora encargada que lo sabe todo.\nEst\u00e1 acostumbrada a recibir explicaciones y a o\u00edr exactamente lo que hay que hacer.   <\/span>Pero ahora le parece que el profesor no es claro.\nY con ello, el profesor le pierde el respeto. <\/p>\n\n<p><span style=\"font-weight: 400;\">En Holanda, los profesores prefieren que los alumnos tomen la iniciativa, lleguen juntos a una soluci\u00f3n y contribuyan a una tarea de grupo.\nTrabajar juntos suele ser m\u00e1s importante que la nota, y si hay preguntas, la profesora est\u00e1 disponible.\nParece que la profesora est\u00e1 haciendo otra cosa, pero est\u00e1 ah\u00ed para responder a las preguntas.    <\/span><\/p>\n\n<h3 class=\"wp-block-heading\" id=\"h-waar-ligt-de-verbinding\">\u00bfD\u00f3nde est\u00e1 la conexi\u00f3n?<\/h3>\n\n<p><span style=\"font-weight: 400;\">Valeria puede seguir uni\u00e9ndose al grupo y confiar en que el profesor intervenga cuando sea necesario.  <\/span><\/p>\n\n<p><span style=\"font-weight: 400;\">Al mismo tiempo, la profesora puede tener en cuenta que el estilo de ense\u00f1anza<\/span> al que est\u00e1 acostumbrada en Holanda<span style=\"font-weight: 400;\">, no siempre satisface las necesidades de aprendizaje de los alumnos de otra cultura.\nUna mayor atenci\u00f3n y unas instrucciones m\u00e1s claras ayudar\u00e1n a Valeria a aprender a confiar en el profesor y, finalmente, a aceptar que el estilo de aprendizaje en Holanda se basa m\u00e1s en el trabajo en grupo y la iniciativa propia.   <\/span>Es importante que observe el lenguaje corporal del ni\u00f1o.\nPuede que \u00e9ste no levante la mano, pero d\u00e9 otras se\u00f1ales, como limitarse a mirarla o encogerse de hombros. <\/p>\n\n<p><span style=\"font-weight: 400;\">Valeria puede entonces intentar unirse al grupo y practicar la expresi\u00f3n de su propia opini\u00f3n.  <\/span>Tambi\u00e9n levantando la mano.  <\/p>\n\n<h3 class=\"wp-block-heading\" id=\"h-uitleg\">Explicaci\u00f3n<\/h3>\n\n<p><span style=\"font-weight: 400;\">En Holanda, la jerarqu\u00eda no es importante.\nValeria procede de una sociedad jer\u00e1rquica.\nEn su cultura, se espera que un l\u00edder cuide de su pueblo a cambio de lealtad.  <\/span>u obediencia.<\/p>\n\n<p><span style=\"font-weight: 400;\">En la escuela holandesa, Valeria ve una cultura igualitaria en la que el profesor facilita m\u00e1s que dirige.\nSe espera que los alumnos tomen la iniciativa y participen en debates entre ellos y con el profesor.\nSe anima a todos los ni\u00f1os a tener y expresar una opini\u00f3n.  <\/span><\/p>\n\n<p>La conciencia y el respeto mutuo de estas diferencias ayudan a Valeria y al profesor a acercarse el uno al otro y a que las necesidades de aprendizaje y los estilos de aprendizaje est\u00e9n cada vez m\u00e1s alineados.<\/p>\n\n<h3 class=\"wp-block-heading\" id=\"h-kortom\"><strong>En resumen<\/strong><\/h3>\n\n<p>Para el profesor:  <\/p>\n\n<ul class=\"wp-block-list\">\n<li>Acepta que la Valeria procede de una sociedad jerarquizada y que la se\u00f1orita tiene estatus y merece respeto.  <\/li>\n\n\n\n<li>No es probable que Valeria muestre lo que realmente piensa.\nBusca otros signos en su comunicaci\u00f3n.   <\/li>\n\n\n\n<li>Crea una oportunidad con Valeria y sus padres para hablar de su papel como profesora.  <\/li>\n\n\n\n<li>En la instrucci\u00f3n, presta especial atenci\u00f3n al ambiente informal de la tarea.<\/li>\n<\/ul>\n\n<p>Por la Valeria y sus padres:<\/p>\n\n<ul class=\"wp-block-list\">\n<li>Acepta que Holanda tiene una sociedad igualitaria.<\/li>\n\n\n\n<li>Acepta que trabajar juntos es a menudo m\u00e1s importante que el orden, la tranquilidad y las buenas notas.\nLa profesora no es poco clara, hace que los ni\u00f1os aprendan a trabajar juntos. <\/li>\n\n\n\n<li>Sobre todo, haz tus preguntas y expresa tu sorpresa.\nLos holandeses est\u00e1n acostumbrados a que se dirijan a ellos directamente. <\/li>\n<\/ul>\n\n<ul class=\"wp-block-list\">\n<li><a href=\"https:\/\/connect2us.eu\/es\/los-dilemas-sociales-de-nuestra-sociedad\/\">\u00bfM\u00e1s informaci\u00f3n sobre las dimensiones de la cultura?<\/a><\/li>\n<\/ul>\n\n<p><strong>Es importante saberlo:<\/strong><\/p>\n\n<p>Esta an\u00e9cdota se basa en historias compartidas con nosotros.\nConnect2Us se esfuerza por poner de relieve el dilema desde ambos lados y no por etiquetar a las personas o sugerir que una u otra deber\u00edan comportarse de forma diferente.\nEn nuestro trabajo transcultural diario vemos que basta con que los implicados sean conscientes para avanzar hacia el otro sin pretender que son muy diferentes.\nConnect2Us pretende ayudar a los lectores a reconocer y evitar los prejuicios.     <a href=\"https:\/\/www.connect2us.eu\/?page_id=1572&amp;preview=true\">Lee sobre prejuicios, discriminaci\u00f3n y racismo aqu\u00ed.<\/a><\/p>\n","protected":false},"excerpt":{"rendered":"<p>Valeria, de 12 a\u00f1os, asiste por primera vez a una escuela holandesa. Es la \u00fanica inmigrante de la clase. Durante el primer mes, recibi\u00f3 una atenci\u00f3n especial del profesor. Ahora el profesor le pregunta si quiere trabajar con un peque\u00f1o grupo de compa\u00f1eros para hacer un trabajo y una presentaci\u00f3n. \u00a1Todos hablan indistintamente y el [&hellip;]<\/p>\n","protected":false},"author":3,"featured_media":3393,"menu_order":0,"comment_status":"closed","ping_status":"closed","template":"","format":"standard","meta":{"_vp_format_video_url":"","_vp_image_focal_point":[],"footnotes":""},"portfolio_category":[],"portfolio_tag":[],"class_list":["post-3392","portfolio","type-portfolio","status-publish","format-standard","has-post-thumbnail","hentry"],"blocksy_meta":[],"_links":{"self":[{"href":"https:\/\/connect2us.eu\/es\/wp-json\/wp\/v2\/portfolio\/3392","targetHints":{"allow":["GET"]}}],"collection":[{"href":"https:\/\/connect2us.eu\/es\/wp-json\/wp\/v2\/portfolio"}],"about":[{"href":"https:\/\/connect2us.eu\/es\/wp-json\/wp\/v2\/types\/portfolio"}],"author":[{"embeddable":true,"href":"https:\/\/connect2us.eu\/es\/wp-json\/wp\/v2\/users\/3"}],"replies":[{"embeddable":true,"href":"https:\/\/connect2us.eu\/es\/wp-json\/wp\/v2\/comments?post=3392"}],"version-history":[{"count":1,"href":"https:\/\/connect2us.eu\/es\/wp-json\/wp\/v2\/portfolio\/3392\/revisions"}],"predecessor-version":[{"id":3394,"href":"https:\/\/connect2us.eu\/es\/wp-json\/wp\/v2\/portfolio\/3392\/revisions\/3394"}],"wp:featuredmedia":[{"embeddable":true,"href":"https:\/\/connect2us.eu\/es\/wp-json\/wp\/v2\/media\/3393"}],"wp:attachment":[{"href":"https:\/\/connect2us.eu\/es\/wp-json\/wp\/v2\/media?parent=3392"}],"wp:term":[{"taxonomy":"portfolio_category","embeddable":true,"href":"https:\/\/connect2us.eu\/es\/wp-json\/wp\/v2\/portfolio_category?post=3392"},{"taxonomy":"portfolio_tag","embeddable":true,"href":"https:\/\/connect2us.eu\/es\/wp-json\/wp\/v2\/portfolio_tag?post=3392"}],"curies":[{"name":"wp","href":"https:\/\/api.w.org\/{rel}","templated":true}]}}

El profesor no está claro

<figure class="wp-block-image size-full"><img loading="lazy" decoding="async" width="800" height="533" src="https://connect2us.eu/wp-content/uploads/2020/06/15_valeria_thinks_its_not_clear_800px.jpg" alt="" class="wp-image-800" srcset="https://connect2us.eu/wp-content/uploads/2020/06/15_valeria_thinks_its_not_clear_800px.jpg 800w, https://connect2us.eu/wp-content/uploads/2020/06/15_valeria_thinks_its_not_clear_800px-300x200.jpg 300w, https://connect2us.eu/wp-content/uploads/2020/06/15_valeria_thinks_its_not_clear_800px-768x512.jpg 768w" sizes="auto, (max-width: 800px) 100vw, 800px" /></figure>

<p><span style="font-weight: 400;">Valeria, de 12 años, asiste por primera vez a una escuela holandesa.
Es la única inmigrante de la clase.
Durante el primer mes, recibió una atención especial del profesor.
Ahora el profesor le pregunta si quiere trabajar con un pequeño grupo de compañeros para hacer un trabajo y una presentación.   </span>  ¡Todos hablan indistintamente y el profesor ni siquiera presta atención!
¡El profesor no es claro! </p>

<h3 class="wp-block-heading" id="h-een-andere-kijk">Otro punto de vista</h3>

<p><span style="font-weight: 400;">Al principio, Valeria estaba entusiasmada con la tarea.
«¡Divertido!», pensó, «¿de qué animal quiere la profesora que hagamos algo bonito?».
¡Pero no dijo eso en absoluto!
Los niños de su grupo se gritan unos a otros: «¡Mi perro!» dice uno, «¡No, mi gato!» y otra niña quiere hacerlo sobre su bonito poni.
Valeria quiere preguntar a la profesora, pero está ocupada con otra cosa.
No se atreve a levantarse.
«¿Por qué no nos dice lo que tenemos que hacer?», piensa Valeria.
«Esos niños creen que saben, pero todos dicen otra cosa.
Me siento sola y echo de menos a Luna, mi dulce gata que sigue en Venezuela.        </span>  ¿Por qué el profesor es tan poco claro?»</p>

<p><span style="font-weight: 400;">El profesor tiene plena confianza en los niños.
Lo resolverán juntos.
También está orgullosa de Valeria.    </span>«Esos<span style="font-weight: 400;">  ya empieza a ir bien.
Buena chica!», piensa. «He pedido a la clase que haga un trabajo y todos los niños aportan una idea.
Es muy bonito.
Así que les dejo hacer lo suyo.
Pero Valeria no dice nada y parece despistada.
A lo mejor es que en Venezuela no tienen mascotas.     </span>» Decide dejarlo como está, si Valeria tiene alguna pregunta la oirá.</p>

<h3 class="wp-block-heading" id="h-wat-is-er-aan-de-hand">¿Qué está pasando?</h3>

<p>Valeria procede de una sociedad más autoritaria que la holandesa.
Como resultado, la gente necesita mucha más claridad por parte del profesor, sobre la tarea y sobre cómo obtener una buena nota.
Para    <span style="font-weight: 400;">Valeria es la profesora encargada que lo sabe todo.
Está acostumbrada a recibir explicaciones y a oír exactamente lo que hay que hacer.   </span>Pero ahora le parece que el profesor no es claro.
Y con ello, el profesor le pierde el respeto. </p>

<p><span style="font-weight: 400;">En Holanda, los profesores prefieren que los alumnos tomen la iniciativa, lleguen juntos a una solución y contribuyan a una tarea de grupo.
Trabajar juntos suele ser más importante que la nota, y si hay preguntas, la profesora está disponible.
Parece que la profesora está haciendo otra cosa, pero está ahí para responder a las preguntas.    </span></p>

<h3 class="wp-block-heading" id="h-waar-ligt-de-verbinding">¿Dónde está la conexión?</h3>

<p><span style="font-weight: 400;">Valeria puede seguir uniéndose al grupo y confiar en que el profesor intervenga cuando sea necesario.  </span></p>

<p><span style="font-weight: 400;">Al mismo tiempo, la profesora puede tener en cuenta que el estilo de enseñanza</span> al que está acostumbrada en Holanda<span style="font-weight: 400;">, no siempre satisface las necesidades de aprendizaje de los alumnos de otra cultura.
Una mayor atención y unas instrucciones más claras ayudarán a Valeria a aprender a confiar en el profesor y, finalmente, a aceptar que el estilo de aprendizaje en Holanda se basa más en el trabajo en grupo y la iniciativa propia.   </span>Es importante que observe el lenguaje corporal del niño.
Puede que éste no levante la mano, pero dé otras señales, como limitarse a mirarla o encogerse de hombros. </p>

<p><span style="font-weight: 400;">Valeria puede entonces intentar unirse al grupo y practicar la expresión de su propia opinión.  </span>También levantando la mano.  </p>

<h3 class="wp-block-heading" id="h-uitleg">Explicación</h3>

<p><span style="font-weight: 400;">En Holanda, la jerarquía no es importante.
Valeria procede de una sociedad jerárquica.
En su cultura, se espera que un líder cuide de su pueblo a cambio de lealtad.  </span>u obediencia.</p>

<p><span style="font-weight: 400;">En la escuela holandesa, Valeria ve una cultura igualitaria en la que el profesor facilita más que dirige.
Se espera que los alumnos tomen la iniciativa y participen en debates entre ellos y con el profesor.
Se anima a todos los niños a tener y expresar una opinión.  </span></p>

<p>La conciencia y el respeto mutuo de estas diferencias ayudan a Valeria y al profesor a acercarse el uno al otro y a que las necesidades de aprendizaje y los estilos de aprendizaje estén cada vez más alineados.</p>

<h3 class="wp-block-heading" id="h-kortom"><strong>En resumen</strong></h3>

<p>Para el profesor:  </p>

<ul class="wp-block-list">
<li>Acepta que la Valeria procede de una sociedad jerarquizada y que la señorita tiene estatus y merece respeto.  </li>



<li>No es probable que Valeria muestre lo que realmente piensa.
Busca otros signos en su comunicación.   </li>



<li>Crea una oportunidad con Valeria y sus padres para hablar de su papel como profesora.  </li>



<li>En la instrucción, presta especial atención al ambiente informal de la tarea.</li>
</ul>

<p>Por la Valeria y sus padres:</p>

<ul class="wp-block-list">
<li>Acepta que Holanda tiene una sociedad igualitaria.</li>



<li>Acepta que trabajar juntos es a menudo más importante que el orden, la tranquilidad y las buenas notas.
La profesora no es poco clara, hace que los niños aprendan a trabajar juntos. </li>



<li>Sobre todo, haz tus preguntas y expresa tu sorpresa.
Los holandeses están acostumbrados a que se dirijan a ellos directamente. </li>
</ul>

<ul class="wp-block-list">
<li><a href="https://connect2us.eu/es/los-dilemas-sociales-de-nuestra-sociedad/">¿Más información sobre las dimensiones de la cultura?</a></li>
</ul>

<p><strong>Es importante saberlo:</strong></p>

<p>Esta anécdota se basa en historias compartidas con nosotros.
Connect2Us se esfuerza por poner de relieve el dilema desde ambos lados y no por etiquetar a las personas o sugerir que una u otra deberían comportarse de forma diferente.
En nuestro trabajo transcultural diario vemos que basta con que los implicados sean conscientes para avanzar hacia el otro sin pretender que son muy diferentes.
Connect2Us pretende ayudar a los lectores a reconocer y evitar los prejuicios.     <a href="https://www.connect2us.eu/?page_id=1572&amp;preview=true">Lee sobre prejuicios, discriminación y racismo aquí.</a></p>

<p>Valeria, de 12 años, asiste por primera vez a una escuela holandesa. Es la única inmigrante de la clase. Durante el primer mes, recibió una atención especial del profesor. Ahora el profesor le pregunta si quiere trabajar con un pequeño grupo de compañeros para hacer un trabajo y una presentación. ¡Todos hablan indistintamente y el [&hellip;]</p>
