{"id":3422,"date":"2017-05-24T14:14:34","date_gmt":"2017-05-24T12:14:34","guid":{"rendered":"https:\/\/staging.connect2us.eu\/verhalen\/vecinos-amistosos\/"},"modified":"2024-09-30T15:57:01","modified_gmt":"2024-09-30T13:57:01","slug":"vecinos-amistosos","status":"publish","type":"portfolio","link":"https:\/\/connect2us.eu\/es\/historias\/vecinos-amistosos\/","title":{"rendered":"Vecinos amistosos"},"content":{"rendered":"\n<figure class=\"wp-block-image size-full\"><img loading=\"lazy\" decoding=\"async\" width=\"800\" height=\"533\" src=\"https:\/\/connect2us.eu\/wp-content\/uploads\/2020\/06\/06_friendly_neighbors_800px.jpg\" alt=\"\" class=\"wp-image-839\" srcset=\"https:\/\/connect2us.eu\/wp-content\/uploads\/2020\/06\/06_friendly_neighbors_800px.jpg 800w, https:\/\/connect2us.eu\/wp-content\/uploads\/2020\/06\/06_friendly_neighbors_800px-300x200.jpg 300w, https:\/\/connect2us.eu\/wp-content\/uploads\/2020\/06\/06_friendly_neighbors_800px-768x512.jpg 768w\" sizes=\"auto, (max-width: 800px) 100vw, 800px\" \/><\/figure>\n\n<p><span style=\"font-weight: 400;\">Aarav y Diya se han convertido en poseedores de un estatus.\nSe han mudado a una nueva casa con su hija peque\u00f1a y Aarav ha abierto una tienda.\nEst\u00e1n en contacto con sus nuevos vecinos Kees y Annie.  <\/span>  Parecen vecinos amistosos, pero la comunicaci\u00f3n es tensa.<\/p>\n\n<p>Pero unos d\u00edas despu\u00e9s, Aarav volvi\u00f3 enfadado de su tienda.\nKees hab\u00eda pasado por all\u00ed y le hab\u00eda dicho que se afeitara la barba.\nY al d\u00eda siguiente, Annie le dijo casualmente a Diya que destacaba mucho con su sari.\nDiya le explic\u00f3 por qu\u00e9 esa ropa le sentaba bien a ella y a su fe, \u00a1pero Annie se encogi\u00f3 de hombros!\n\u00a1Diya sigue indignada!\n\u00abMe siento ofendida por esa gente y prefiero mantener cierta distancia\u00bb, dijo.     <\/p>\n\n<p>Annie s\u00f3lo quer\u00eda ayudar.\n\u00abTenemos nuevos vecinos de la India y quer\u00edamos ayudarles a integrarse en Holanda\u00bb, dijo.\nEse primer d\u00eda ayudaron a instalarse y \u00a1fue muy agradable! El nuevo vecino, Aarav, ha abierto una tienda, pero con esa barba negra suya podr\u00eda ahuyentar a los clientes. Kees quiso ayudarle explic\u00e1ndoselo amablemente. \u00abSinceramente, le dije a Diya que si cambiaba un poco de ropa, la aceptar\u00edan mejor en el barrio. Pero ella cree que su religi\u00f3n es m\u00e1s importante y \u00bfc\u00f3mo pueden integrarse?\u00bb.  <\/p>\n\n<h2 class=\"wp-block-heading\" id=\"h-waar-ligt-de-verbinding\">\u00bfD\u00f3nde est\u00e1 la conexi\u00f3n?<\/h2>\n\n<p>Kees y Annie quieren ayudar explicando c\u00f3mo funcionan las cosas en Holanda.\nNo tienen ni idea de que sus comentarios podr\u00edan ser tomados como insultantes e incluso discriminatorios por Aarav y Diya. <\/p>\n\n<p>La mayor\u00eda de los holandeses suelen tener una forma directa de comunicarse y dicen las cosas de forma clara.\nA menudo van muy lejos con buenas intenciones y entonces corren el riesgo de herir a personas de or\u00edgenes diferentes o biculturales.\nAlgunos holandeses tambi\u00e9n piensan que los inmigrantes podr\u00edan adaptarse mejor\u00bb.  <\/p>\n\n<p>Aarav y Diya se enfrentan a un estilo de comunicaci\u00f3n muy diferente al que est\u00e1n acostumbrados.\nEllos proceden de una cultura del nosotros, mientras que Kees y Annie proceden de una cultura del yo.\nPara Kees y Annie, ser abierto y honesto es importante; utilizan una forma directa de hablar.\nSi la otra persona no est\u00e1 de acuerdo, lo oyen.\nQuieren ser vecinos amistosos.      <\/p>\n\n<p>En la India, la gente habla mucho m\u00e1s indirectamente. Los indios se implican mucho m\u00e1s al hablar. El lenguaje corporal, los silencios y todo tipo de palabras como tal vez, un poco, quiz\u00e1. A \u00e9stas las llamamos \u00abdebilitadoras\u00bb. Palabras y gestos que debilitan. Las que ayudan a decir algo con una distracci\u00f3n. En neerland\u00e9s, no hay tantas oportunidades de debilitar, tampoco se adapta a nuestra forma de hablar. En su lugar, utilizamos palabras de refuerzo. Annie habr\u00e1 a\u00f1adido &#8216;\u00bflo entiendes?&#8217; a su comentario. O &#8216;claro&#8217; y &#8216;creo&#8217;. Y luego mirar directamente a Diya, que entonces no sabe d\u00f3nde mirar\u00bb. A lo que Annie piensa que no escucha, que no le interesa. Te guste o no.<\/p>\n\n<p>Aarav y Diya pueden responder a los comentarios de Kees y Annie de distintas maneras.\nPueden considerar seriamente el consejo, parece que Kees y Annie est\u00e1n hablando de algo que consideran importante.\nQuiz\u00e1 sean vecinos amistosos despu\u00e9s de todo.  <\/p>\n\n<p>Kees y Annie est\u00e1n dispuestos a ayudar, pero tambi\u00e9n pueden hacerlo de forma indirecta, haciendo preguntas sobre la barba.\n\u00bfDesde cu\u00e1ndo la llevas?\n\u00bfLleva barba mucha gente en la India?\nAarav y Diya han crecido con la comunicaci\u00f3n indirecta y leen entre l\u00edneas.\nSacan sus conclusiones.      <\/p>\n\n<p>Pero es mejor dejar pasar este tipo de cosas.\nNadie tiene derecho a dirigirse al otro por su apariencia.\nEso parece discriminatorio, o peor a\u00fan: racista.\nSi Aarav cree que su barba le impide tener \u00e9xito, siempre puede pens\u00e1rselo.\nKees no tiene por qu\u00e9 sentirse responsable de ello.    <\/p>\n\n<p><strong>En resumen<\/strong><\/p>\n\n<p>Para Kees y Annie:  <\/p>\n\n<ul class=\"wp-block-list\">\n<li>Acepta que Aarav y Diya son de la cultura \u00abnosotros\u00bb.<\/li>\n\n\n\n<li>Aarav y Diya no suelen mostrar lo que realmente piensan.\nEstate atento a otras se\u00f1ales en su comunicaci\u00f3n.   <\/li>\n\n\n\n<li>Crea la oportunidad de dejar algo claro y hazlo gradualmente si se trata de un tema personal.<\/li>\n\n\n\n<li>Las palabras debilitadoras pueden ayudar a ello.<\/li>\n<\/ul>\n\n<p>Para Aarav y Diya:<\/p>\n\n<ul class=\"wp-block-list\">\n<li>Acepta que vives en una cultura del yo muy fuerte.<\/li>\n\n\n\n<li>Que el coraz\u00f3n est\u00e9 en la lengua y que los holandeses se dirijan a ti directamente y te den su opini\u00f3n.<\/li>\n\n\n\n<li>Sobre todo, haz tus preguntas y expresa tu sorpresa.  <\/li>\n\n\n\n<li>Estar en desacuerdo y hacerlo saber es normal.<\/li>\n\n\n\n<li>No hay nada malo en utilizar palabras que enfaticen exactamente lo que est\u00e1s diciendo.<\/li>\n<\/ul>\n\n<p><\/p>\n\n<h2 class=\"wp-block-heading\" id=\"h-belangrijk-om-te-weten\"><strong>Importante saber<\/strong><\/h2>\n\n<p>La narraci\u00f3n se basa en historias compartidas con nosotros.\nConnect2Us se esfuerza por destacar la historia de ambas partes y no por etiquetar a las personas o sugerir que una u otra deber\u00edan comportarse de forma diferente.\nVemos en nuestro trabajo intercultural diario que la concienciaci\u00f3n es suficiente para que los implicados avancen hacia el otro sin negarse a s\u00ed mismos.\nConnect2Us se centra en los prejuicios.     <a href=\"https:\/\/www.connect2us.eu\/?page_id=1572&amp;preview=true\">Lee sobre prejuicios, discriminaci\u00f3n y racismo aqu\u00ed.<\/a><\/p>\n","protected":false},"excerpt":{"rendered":"<p>He aqu\u00ed una breve introducci\u00f3n<\/p>\n","protected":false},"author":3,"featured_media":3423,"menu_order":0,"comment_status":"closed","ping_status":"closed","template":"","format":"standard","meta":{"_vp_format_video_url":"","_vp_image_focal_point":[],"footnotes":""},"portfolio_category":[],"portfolio_tag":[],"class_list":["post-3422","portfolio","type-portfolio","status-publish","format-standard","has-post-thumbnail","hentry"],"blocksy_meta":[],"_links":{"self":[{"href":"https:\/\/connect2us.eu\/es\/wp-json\/wp\/v2\/portfolio\/3422","targetHints":{"allow":["GET"]}}],"collection":[{"href":"https:\/\/connect2us.eu\/es\/wp-json\/wp\/v2\/portfolio"}],"about":[{"href":"https:\/\/connect2us.eu\/es\/wp-json\/wp\/v2\/types\/portfolio"}],"author":[{"embeddable":true,"href":"https:\/\/connect2us.eu\/es\/wp-json\/wp\/v2\/users\/3"}],"replies":[{"embeddable":true,"href":"https:\/\/connect2us.eu\/es\/wp-json\/wp\/v2\/comments?post=3422"}],"version-history":[{"count":1,"href":"https:\/\/connect2us.eu\/es\/wp-json\/wp\/v2\/portfolio\/3422\/revisions"}],"predecessor-version":[{"id":3424,"href":"https:\/\/connect2us.eu\/es\/wp-json\/wp\/v2\/portfolio\/3422\/revisions\/3424"}],"wp:featuredmedia":[{"embeddable":true,"href":"https:\/\/connect2us.eu\/es\/wp-json\/wp\/v2\/media\/3423"}],"wp:attachment":[{"href":"https:\/\/connect2us.eu\/es\/wp-json\/wp\/v2\/media?parent=3422"}],"wp:term":[{"taxonomy":"portfolio_category","embeddable":true,"href":"https:\/\/connect2us.eu\/es\/wp-json\/wp\/v2\/portfolio_category?post=3422"},{"taxonomy":"portfolio_tag","embeddable":true,"href":"https:\/\/connect2us.eu\/es\/wp-json\/wp\/v2\/portfolio_tag?post=3422"}],"curies":[{"name":"wp","href":"https:\/\/api.w.org\/{rel}","templated":true}]}}

<figure class="wp-block-image size-full"><img loading="lazy" decoding="async" width="800" height="533" src="https://connect2us.eu/wp-content/uploads/2020/06/06_friendly_neighbors_800px.jpg" alt="" class="wp-image-839" srcset="https://connect2us.eu/wp-content/uploads/2020/06/06_friendly_neighbors_800px.jpg 800w, https://connect2us.eu/wp-content/uploads/2020/06/06_friendly_neighbors_800px-300x200.jpg 300w, https://connect2us.eu/wp-content/uploads/2020/06/06_friendly_neighbors_800px-768x512.jpg 768w" sizes="auto, (max-width: 800px) 100vw, 800px" /></figure>

<p><span style="font-weight: 400;">Aarav y Diya se han convertido en poseedores de un estatus.
Se han mudado a una nueva casa con su hija pequeña y Aarav ha abierto una tienda.
Están en contacto con sus nuevos vecinos Kees y Annie.  </span>  Parecen vecinos amistosos, pero la comunicación es tensa.</p>

<p>Pero unos días después, Aarav volvió enfadado de su tienda.
Kees había pasado por allí y le había dicho que se afeitara la barba.
Y al día siguiente, Annie le dijo casualmente a Diya que destacaba mucho con su sari.
Diya le explicó por qué esa ropa le sentaba bien a ella y a su fe, ¡pero Annie se encogió de hombros!
¡Diya sigue indignada!
«Me siento ofendida por esa gente y prefiero mantener cierta distancia», dijo.     </p>

<p>Annie sólo quería ayudar.
«Tenemos nuevos vecinos de la India y queríamos ayudarles a integrarse en Holanda», dijo.
Ese primer día ayudaron a instalarse y ¡fue muy agradable! El nuevo vecino, Aarav, ha abierto una tienda, pero con esa barba negra suya podría ahuyentar a los clientes. Kees quiso ayudarle explicándoselo amablemente. «Sinceramente, le dije a Diya que si cambiaba un poco de ropa, la aceptarían mejor en el barrio. Pero ella cree que su religión es más importante y ¿cómo pueden integrarse?».  </p>

<h2 class="wp-block-heading" id="h-waar-ligt-de-verbinding">¿Dónde está la conexión?</h2>

<p>Kees y Annie quieren ayudar explicando cómo funcionan las cosas en Holanda.
No tienen ni idea de que sus comentarios podrían ser tomados como insultantes e incluso discriminatorios por Aarav y Diya. </p>

<p>La mayoría de los holandeses suelen tener una forma directa de comunicarse y dicen las cosas de forma clara.
A menudo van muy lejos con buenas intenciones y entonces corren el riesgo de herir a personas de orígenes diferentes o biculturales.
Algunos holandeses también piensan que los inmigrantes podrían adaptarse mejor».  </p>

<p>Aarav y Diya se enfrentan a un estilo de comunicación muy diferente al que están acostumbrados.
Ellos proceden de una cultura del nosotros, mientras que Kees y Annie proceden de una cultura del yo.
Para Kees y Annie, ser abierto y honesto es importante; utilizan una forma directa de hablar.
Si la otra persona no está de acuerdo, lo oyen.
Quieren ser vecinos amistosos.      </p>

<p>En la India, la gente habla mucho más indirectamente. Los indios se implican mucho más al hablar. El lenguaje corporal, los silencios y todo tipo de palabras como tal vez, un poco, quizá. A éstas las llamamos «debilitadoras». Palabras y gestos que debilitan. Las que ayudan a decir algo con una distracción. En neerlandés, no hay tantas oportunidades de debilitar, tampoco se adapta a nuestra forma de hablar. En su lugar, utilizamos palabras de refuerzo. Annie habrá añadido &#8216;¿lo entiendes?&#8217; a su comentario. O &#8216;claro&#8217; y &#8216;creo&#8217;. Y luego mirar directamente a Diya, que entonces no sabe dónde mirar». A lo que Annie piensa que no escucha, que no le interesa. Te guste o no.</p>

<p>Aarav y Diya pueden responder a los comentarios de Kees y Annie de distintas maneras.
Pueden considerar seriamente el consejo, parece que Kees y Annie están hablando de algo que consideran importante.
Quizá sean vecinos amistosos después de todo.  </p>

<p>Kees y Annie están dispuestos a ayudar, pero también pueden hacerlo de forma indirecta, haciendo preguntas sobre la barba.
¿Desde cuándo la llevas?
¿Lleva barba mucha gente en la India?
Aarav y Diya han crecido con la comunicación indirecta y leen entre líneas.
Sacan sus conclusiones.      </p>

<p>Pero es mejor dejar pasar este tipo de cosas.
Nadie tiene derecho a dirigirse al otro por su apariencia.
Eso parece discriminatorio, o peor aún: racista.
Si Aarav cree que su barba le impide tener éxito, siempre puede pensárselo.
Kees no tiene por qué sentirse responsable de ello.    </p>

<p><strong>En resumen</strong></p>

<p>Para Kees y Annie:  </p>

<ul class="wp-block-list">
<li>Acepta que Aarav y Diya son de la cultura «nosotros».</li>



<li>Aarav y Diya no suelen mostrar lo que realmente piensan.
Estate atento a otras señales en su comunicación.   </li>



<li>Crea la oportunidad de dejar algo claro y hazlo gradualmente si se trata de un tema personal.</li>



<li>Las palabras debilitadoras pueden ayudar a ello.</li>
</ul>

<p>Para Aarav y Diya:</p>

<ul class="wp-block-list">
<li>Acepta que vives en una cultura del yo muy fuerte.</li>



<li>Que el corazón esté en la lengua y que los holandeses se dirijan a ti directamente y te den su opinión.</li>



<li>Sobre todo, haz tus preguntas y expresa tu sorpresa.  </li>



<li>Estar en desacuerdo y hacerlo saber es normal.</li>



<li>No hay nada malo en utilizar palabras que enfaticen exactamente lo que estás diciendo.</li>
</ul>

<p></p>

<h2 class="wp-block-heading" id="h-belangrijk-om-te-weten"><strong>Importante saber</strong></h2>

<p>La narración se basa en historias compartidas con nosotros.
Connect2Us se esfuerza por destacar la historia de ambas partes y no por etiquetar a las personas o sugerir que una u otra deberían comportarse de forma diferente.
Vemos en nuestro trabajo intercultural diario que la concienciación es suficiente para que los implicados avancen hacia el otro sin negarse a sí mismos.
Connect2Us se centra en los prejuicios.     <a href="https://www.connect2us.eu/?page_id=1572&amp;preview=true">Lee sobre prejuicios, discriminación y racismo aquí.</a></p>

<p>He aquí una breve introducción</p>
