{"id":3948,"date":"2017-05-24T14:14:34","date_gmt":"2017-05-24T12:14:34","guid":{"rendered":"https:\/\/staging.connect2us.eu\/verhalen\/des-voisins-sympathiques\/"},"modified":"2024-10-04T20:18:35","modified_gmt":"2024-10-04T18:18:35","slug":"des-voisins-sympathiques","status":"publish","type":"portfolio","link":"https:\/\/connect2us.eu\/fr\/histoires\/des-voisins-sympathiques\/","title":{"rendered":"Des voisins sympathiques"},"content":{"rendered":"\n<figure class=\"wp-block-image size-full\"><img loading=\"lazy\" decoding=\"async\" width=\"800\" height=\"533\" src=\"https:\/\/connect2us.eu\/wp-content\/uploads\/2020\/06\/06_friendly_neighbors_800px.jpg\" alt=\"\" class=\"wp-image-839\" srcset=\"https:\/\/connect2us.eu\/wp-content\/uploads\/2020\/06\/06_friendly_neighbors_800px.jpg 800w, https:\/\/connect2us.eu\/wp-content\/uploads\/2020\/06\/06_friendly_neighbors_800px-300x200.jpg 300w, https:\/\/connect2us.eu\/wp-content\/uploads\/2020\/06\/06_friendly_neighbors_800px-768x512.jpg 768w\" sizes=\"auto, (max-width: 800px) 100vw, 800px\" \/><\/figure>\n\n<p><span style=\"font-weight: 400;\">Aarav et Diya sont devenus des d\u00e9tenteurs de statut.\nIls ont emm\u00e9nag\u00e9 dans une nouvelle maison avec leur petite fille et Aarav a ouvert un magasin.\nIls entrent en contact avec leurs nouveaux voisins, Kees et Annie.  <\/span>  Ils semblent \u00eatre des voisins amicaux, mais la communication est tendue.<\/p>\n\n<p>Mais quelques jours plus tard, Aarav rentre de son magasin en col\u00e8re.\nKees \u00e9tait pass\u00e9 le voir et lui avait dit de se raser la barbe !\nLe lendemain, Annie a dit \u00e0 Diya qu&rsquo;elle se distinguait tellement dans son sari.\nDiya a expliqu\u00e9 pourquoi ces v\u00eatements lui convenaient et correspondaient \u00e0 sa foi, mais Annie a hauss\u00e9 les \u00e9paules !\nDiya est toujours indign\u00e9e !\n\u00ab\u00a0Je me sens offens\u00e9e par ces gens et je pr\u00e9f\u00e8re garder mes distances\u00a0\u00bb, dit-elle.     <\/p>\n\n<p>Annie voulait simplement aider.\n\u00ab\u00a0Nous avons de nouveaux voisins indiens et nous voulions les aider \u00e0 s&rsquo;int\u00e9grer aux Pays-Bas\u00a0\u00bb, explique-t-elle.\nIls les ont aid\u00e9s \u00e0 emm\u00e9nager le premier jour et c&rsquo;\u00e9tait tr\u00e8s agr\u00e9able ! Le nouveau voisin, Aarav, a ouvert un magasin, mais avec sa barbe noire, il risque d&rsquo;effrayer les clients. Kees a voulu l&rsquo;aider en lui expliquant gentiment. \u00ab\u00a0Et j&rsquo;ai honn\u00eatement dit \u00e0 Diya que si elle changeait un peu ses v\u00eatements, elle serait mieux accept\u00e9e dans le quartier. Mais elle pense que sa religion est plus importante et comment peuvent-ils s&rsquo;int\u00e9grer ?\u00a0\u00bb  <\/p>\n\n<h2 class=\"wp-block-heading\" id=\"h-waar-ligt-de-verbinding\">O\u00f9 se trouve la connexion ?<\/h2>\n\n<p>Kees et Annie veulent aider en expliquant comment les choses fonctionnent aux Pays-Bas.\nIls ne se doutent pas que leurs commentaires pourraient \u00eatre consid\u00e9r\u00e9s comme insultants, voire discriminatoires, par Aarav et Diya. <\/p>\n\n<p>La plupart des N\u00e9erlandais ont une fa\u00e7on directe de communiquer et disent les choses clairement.\nIls vont souvent assez loin avec de bonnes intentions et risquent alors de blesser des personnes issues de milieux diff\u00e9rents ou biculturels.\nCertains N\u00e9erlandais estiment \u00e9galement que les immigr\u00e9s pourraient mieux s&rsquo;adapter\u00a0\u00bb.  <\/p>\n\n<p>Aarav et Diya sont confront\u00e9s \u00e0 un style de communication tr\u00e8s diff\u00e9rent de celui auquel ils sont habitu\u00e9s.\nIls sont issus d&rsquo;une culture du \u00ab\u00a0nous\u00a0\u00bb, tandis que Kees et Annie sont issus d&rsquo;une culture du \u00ab\u00a0je\u00a0\u00bb.\nIl est important pour Kees et Annie d&rsquo;\u00eatre ouverts et honn\u00eates, ils parlent de mani\u00e8re directe.\nSi l&rsquo;autre personne n&rsquo;est pas d&rsquo;accord, ils l&rsquo;entendent.\nIls veulent \u00eatre des voisins amicaux.      <\/p>\n\n<p>En Inde, les gens parlent beaucoup plus indirectement. Les Indiens s&rsquo;impliquent beaucoup plus dans leur discours. Le langage corporel, les silences et toutes sortes de mots comme \u00ab\u00a0peut-\u00eatre\u00a0\u00bb, \u00ab\u00a0un peu\u00a0\u00bb, \u00ab\u00a0peut-\u00eatre\u00a0\u00bb. Nous les appelons les \u00ab\u00a0d\u00e9classeurs\u00a0\u00bb. Des mots et des gestes qui affaiblissent. Ceux qui aident \u00e0 dire quelque chose en faisant diversion. En n\u00e9erlandais, les occasions d&rsquo;affaiblir ne sont pas nombreuses et ne conviennent pas non plus \u00e0 notre fa\u00e7on de parler. Nous utilisons plut\u00f4t des mots qui renforcent. Annie aura ajout\u00e9 \u00ab\u00a0vous comprenez ?\u00a0\u00bb \u00e0 sa remarque. Ou encore \u00ab\u00a0bien s\u00fbr\u00a0\u00bb et \u00ab\u00a0je pense\u00a0\u00bb. Et puis regarder directement Diya, qui ne sait alors plus o\u00f9 regarder\u00a0\u00bb. Ce \u00e0 quoi Annie pense qu&rsquo;elle n&rsquo;\u00e9coute pas, qu&rsquo;elle n&rsquo;est pas int\u00e9ress\u00e9e. Qu&rsquo;on le veuille ou non.<\/p>\n\n<p>Aarav et Diya peuvent r\u00e9agir de diff\u00e9rentes mani\u00e8res aux commentaires de Kees et d&rsquo;Annie.\nIls peuvent \u00e9tudier s\u00e9rieusement les conseils, car Kees et Annie parlent apparemment d&rsquo;un sujet qu&rsquo;ils jugent important.\nCe sont peut-\u00eatre des voisins sympathiques apr\u00e8s tout.  <\/p>\n\n<p>Kees et Annie sont pr\u00eats \u00e0 vous aider, mais ils peuvent aussi le faire de mani\u00e8re indirecte, en vous posant des questions sur la barbe.\nDepuis combien de temps la portez-vous ?\nY a-t-il beaucoup de gens qui portent la barbe en Inde ?\nAarav et Diya ont grandi avec la communication indirecte et lisent entre les lignes.\nIls en tirent des conclusions.      <\/p>\n\n<p>Mais il vaut mieux laisser tomber ce genre de choses.\nPersonne n&rsquo;a le droit de s&rsquo;adresser \u00e0 l&rsquo;autre sur son apparence.\nC&rsquo;est discriminatoire, ou pire : raciste.\nSi Aarav estime que sa barbe l&#8217;emp\u00eache de r\u00e9ussir, il peut toujours y r\u00e9fl\u00e9chir.\nKees n&rsquo;a pas \u00e0 se sentir responsable de cela.    <\/p>\n\n<p><strong>En bref<\/strong><\/p>\n\n<p>Pour Kees et Annie :  <\/p>\n\n<ul class=\"wp-block-list\">\n<li>Acceptez qu&rsquo;Aarav et Diya soient de culture occidentale.<\/li>\n\n\n\n<li>Aarav et Diya ne montreront probablement pas ce qu&rsquo;ils pensent vraiment.\nSurveillez d&rsquo;autres signes dans leur communication.   <\/li>\n\n\n\n<li>Cr\u00e9ez l&rsquo;occasion de clarifier quelque chose et faites-le progressivement s&rsquo;il s&rsquo;agit d&rsquo;un sujet personnel.<\/li>\n\n\n\n<li>L&rsquo;affaiblissement des mots peut y contribuer.<\/li>\n<\/ul>\n\n<p>Pour Aarav et Diya :<\/p>\n\n<ul class=\"wp-block-list\">\n<li>Acceptez le fait que vous vivez dans une culture du \u00ab\u00a0je\u00a0\u00bb tr\u00e8s forte.<\/li>\n\n\n\n<li>Que le c\u0153ur soit sur la langue et que les N\u00e9erlandais s&rsquo;adressent directement \u00e0 vous et donnent leur avis.<\/li>\n\n\n\n<li>Surtout, posez vos questions et exprimez votre surprise.  <\/li>\n\n\n\n<li>Il est normal de ne pas \u00eatre d&rsquo;accord et de le faire savoir.<\/li>\n\n\n\n<li>Il n&rsquo;y a pas de mal \u00e0 utiliser des mots qui soulignent exactement ce que vous dites.<\/li>\n<\/ul>\n\n<p><\/p>\n\n<h2 class=\"wp-block-heading\" id=\"h-belangrijk-om-te-weten\"><strong>Important \u00e0 savoir<\/strong><\/h2>\n\n<p>Le r\u00e9cit est bas\u00e9 sur des histoires qui nous ont \u00e9t\u00e9 communiqu\u00e9es.\nConnect2Us s&rsquo;efforce de mettre en lumi\u00e8re l&rsquo;histoire des deux c\u00f4t\u00e9s et non d&rsquo;\u00e9tiqueter les gens ou de sugg\u00e9rer que l&rsquo;un ou l&rsquo;autre devrait se comporter diff\u00e9remment.\nDans notre travail interculturel quotidien, nous constatons que la prise de conscience suffit pour que les personnes concern\u00e9es se rapprochent les unes des autres sans se renier.\nConnect2Us se concentre sur les pr\u00e9jug\u00e9s.     <a href=\"https:\/\/www.connect2us.eu\/?page_id=1572&amp;preview=true\">Pour en savoir plus sur les pr\u00e9jug\u00e9s, la discrimination et le racisme, cliquez ici.<\/a><\/p>\n","protected":false},"excerpt":{"rendered":"<p>Voici une br\u00e8ve introduction<\/p>\n","protected":false},"author":3,"featured_media":3950,"menu_order":0,"comment_status":"closed","ping_status":"closed","template":"","format":"standard","meta":{"_vp_format_video_url":"","_vp_image_focal_point":[],"footnotes":""},"portfolio_category":[],"portfolio_tag":[],"class_list":["post-3948","portfolio","type-portfolio","status-publish","format-standard","has-post-thumbnail","hentry"],"blocksy_meta":[],"_links":{"self":[{"href":"https:\/\/connect2us.eu\/fr\/wp-json\/wp\/v2\/portfolio\/3948","targetHints":{"allow":["GET"]}}],"collection":[{"href":"https:\/\/connect2us.eu\/fr\/wp-json\/wp\/v2\/portfolio"}],"about":[{"href":"https:\/\/connect2us.eu\/fr\/wp-json\/wp\/v2\/types\/portfolio"}],"author":[{"embeddable":true,"href":"https:\/\/connect2us.eu\/fr\/wp-json\/wp\/v2\/users\/3"}],"replies":[{"embeddable":true,"href":"https:\/\/connect2us.eu\/fr\/wp-json\/wp\/v2\/comments?post=3948"}],"version-history":[{"count":1,"href":"https:\/\/connect2us.eu\/fr\/wp-json\/wp\/v2\/portfolio\/3948\/revisions"}],"predecessor-version":[{"id":3951,"href":"https:\/\/connect2us.eu\/fr\/wp-json\/wp\/v2\/portfolio\/3948\/revisions\/3951"}],"wp:featuredmedia":[{"embeddable":true,"href":"https:\/\/connect2us.eu\/fr\/wp-json\/wp\/v2\/media\/3950"}],"wp:attachment":[{"href":"https:\/\/connect2us.eu\/fr\/wp-json\/wp\/v2\/media?parent=3948"}],"wp:term":[{"taxonomy":"portfolio_category","embeddable":true,"href":"https:\/\/connect2us.eu\/fr\/wp-json\/wp\/v2\/portfolio_category?post=3948"},{"taxonomy":"portfolio_tag","embeddable":true,"href":"https:\/\/connect2us.eu\/fr\/wp-json\/wp\/v2\/portfolio_tag?post=3948"}],"curies":[{"name":"wp","href":"https:\/\/api.w.org\/{rel}","templated":true}]}}

<figure class="wp-block-image size-full"><img loading="lazy" decoding="async" width="800" height="533" src="https://connect2us.eu/wp-content/uploads/2020/06/06_friendly_neighbors_800px.jpg" alt="" class="wp-image-839" srcset="https://connect2us.eu/wp-content/uploads/2020/06/06_friendly_neighbors_800px.jpg 800w, https://connect2us.eu/wp-content/uploads/2020/06/06_friendly_neighbors_800px-300x200.jpg 300w, https://connect2us.eu/wp-content/uploads/2020/06/06_friendly_neighbors_800px-768x512.jpg 768w" sizes="auto, (max-width: 800px) 100vw, 800px" /></figure>

<p><span style="font-weight: 400;">Aarav et Diya sont devenus des détenteurs de statut.
Ils ont emménagé dans une nouvelle maison avec leur petite fille et Aarav a ouvert un magasin.
Ils entrent en contact avec leurs nouveaux voisins, Kees et Annie.  </span>  Ils semblent être des voisins amicaux, mais la communication est tendue.</p>

<p>Mais quelques jours plus tard, Aarav rentre de son magasin en colère.
Kees était passé le voir et lui avait dit de se raser la barbe !
Le lendemain, Annie a dit à Diya qu&rsquo;elle se distinguait tellement dans son sari.
Diya a expliqué pourquoi ces vêtements lui convenaient et correspondaient à sa foi, mais Annie a haussé les épaules !
Diya est toujours indignée !
« Je me sens offensée par ces gens et je préfère garder mes distances », dit-elle.     </p>

<p>Annie voulait simplement aider.
« Nous avons de nouveaux voisins indiens et nous voulions les aider à s&rsquo;intégrer aux Pays-Bas », explique-t-elle.
Ils les ont aidés à emménager le premier jour et c&rsquo;était très agréable ! Le nouveau voisin, Aarav, a ouvert un magasin, mais avec sa barbe noire, il risque d&rsquo;effrayer les clients. Kees a voulu l&rsquo;aider en lui expliquant gentiment. « Et j&rsquo;ai honnêtement dit à Diya que si elle changeait un peu ses vêtements, elle serait mieux acceptée dans le quartier. Mais elle pense que sa religion est plus importante et comment peuvent-ils s&rsquo;intégrer ? »  </p>

<h2 class="wp-block-heading" id="h-waar-ligt-de-verbinding">Où se trouve la connexion ?</h2>

<p>Kees et Annie veulent aider en expliquant comment les choses fonctionnent aux Pays-Bas.
Ils ne se doutent pas que leurs commentaires pourraient être considérés comme insultants, voire discriminatoires, par Aarav et Diya. </p>

<p>La plupart des Néerlandais ont une façon directe de communiquer et disent les choses clairement.
Ils vont souvent assez loin avec de bonnes intentions et risquent alors de blesser des personnes issues de milieux différents ou biculturels.
Certains Néerlandais estiment également que les immigrés pourraient mieux s&rsquo;adapter ».  </p>

<p>Aarav et Diya sont confrontés à un style de communication très différent de celui auquel ils sont habitués.
Ils sont issus d&rsquo;une culture du « nous », tandis que Kees et Annie sont issus d&rsquo;une culture du « je ».
Il est important pour Kees et Annie d&rsquo;être ouverts et honnêtes, ils parlent de manière directe.
Si l&rsquo;autre personne n&rsquo;est pas d&rsquo;accord, ils l&rsquo;entendent.
Ils veulent être des voisins amicaux.      </p>

<p>En Inde, les gens parlent beaucoup plus indirectement. Les Indiens s&rsquo;impliquent beaucoup plus dans leur discours. Le langage corporel, les silences et toutes sortes de mots comme « peut-être », « un peu », « peut-être ». Nous les appelons les « déclasseurs ». Des mots et des gestes qui affaiblissent. Ceux qui aident à dire quelque chose en faisant diversion. En néerlandais, les occasions d&rsquo;affaiblir ne sont pas nombreuses et ne conviennent pas non plus à notre façon de parler. Nous utilisons plutôt des mots qui renforcent. Annie aura ajouté « vous comprenez ? » à sa remarque. Ou encore « bien sûr » et « je pense ». Et puis regarder directement Diya, qui ne sait alors plus où regarder ». Ce à quoi Annie pense qu&rsquo;elle n&rsquo;écoute pas, qu&rsquo;elle n&rsquo;est pas intéressée. Qu&rsquo;on le veuille ou non.</p>

<p>Aarav et Diya peuvent réagir de différentes manières aux commentaires de Kees et d&rsquo;Annie.
Ils peuvent étudier sérieusement les conseils, car Kees et Annie parlent apparemment d&rsquo;un sujet qu&rsquo;ils jugent important.
Ce sont peut-être des voisins sympathiques après tout.  </p>

<p>Kees et Annie sont prêts à vous aider, mais ils peuvent aussi le faire de manière indirecte, en vous posant des questions sur la barbe.
Depuis combien de temps la portez-vous ?
Y a-t-il beaucoup de gens qui portent la barbe en Inde ?
Aarav et Diya ont grandi avec la communication indirecte et lisent entre les lignes.
Ils en tirent des conclusions.      </p>

<p>Mais il vaut mieux laisser tomber ce genre de choses.
Personne n&rsquo;a le droit de s&rsquo;adresser à l&rsquo;autre sur son apparence.
C&rsquo;est discriminatoire, ou pire : raciste.
Si Aarav estime que sa barbe l&#8217;empêche de réussir, il peut toujours y réfléchir.
Kees n&rsquo;a pas à se sentir responsable de cela.    </p>

<p><strong>En bref</strong></p>

<p>Pour Kees et Annie :  </p>

<ul class="wp-block-list">
<li>Acceptez qu&rsquo;Aarav et Diya soient de culture occidentale.</li>



<li>Aarav et Diya ne montreront probablement pas ce qu&rsquo;ils pensent vraiment.
Surveillez d&rsquo;autres signes dans leur communication.   </li>



<li>Créez l&rsquo;occasion de clarifier quelque chose et faites-le progressivement s&rsquo;il s&rsquo;agit d&rsquo;un sujet personnel.</li>



<li>L&rsquo;affaiblissement des mots peut y contribuer.</li>
</ul>

<p>Pour Aarav et Diya :</p>

<ul class="wp-block-list">
<li>Acceptez le fait que vous vivez dans une culture du « je » très forte.</li>



<li>Que le cœur soit sur la langue et que les Néerlandais s&rsquo;adressent directement à vous et donnent leur avis.</li>



<li>Surtout, posez vos questions et exprimez votre surprise.  </li>



<li>Il est normal de ne pas être d&rsquo;accord et de le faire savoir.</li>



<li>Il n&rsquo;y a pas de mal à utiliser des mots qui soulignent exactement ce que vous dites.</li>
</ul>

<p></p>

<h2 class="wp-block-heading" id="h-belangrijk-om-te-weten"><strong>Important à savoir</strong></h2>

<p>Le récit est basé sur des histoires qui nous ont été communiquées.
Connect2Us s&rsquo;efforce de mettre en lumière l&rsquo;histoire des deux côtés et non d&rsquo;étiqueter les gens ou de suggérer que l&rsquo;un ou l&rsquo;autre devrait se comporter différemment.
Dans notre travail interculturel quotidien, nous constatons que la prise de conscience suffit pour que les personnes concernées se rapprochent les unes des autres sans se renier.
Connect2Us se concentre sur les préjugés.     <a href="https://www.connect2us.eu/?page_id=1572&amp;preview=true">Pour en savoir plus sur les préjugés, la discrimination et le racisme, cliquez ici.</a></p>

<p>Voici une brève introduction</p>
